{"id":5621,"date":"2026-04-13T16:10:38","date_gmt":"2026-04-13T14:10:38","guid":{"rendered":"https:\/\/officetransportspoetik.com\/?page_id=5621"},"modified":"2026-04-13T16:19:06","modified_gmt":"2026-04-13T14:19:06","slug":"vendredi-26-juin-2026-stephanie-vovor","status":"publish","type":"page","link":"https:\/\/officetransportspoetik.com\/index.php\/vendredi-26-juin-2026-stephanie-vovor\/","title":{"rendered":"VENDREDI 26 JUIN 2026 &#8211; ST\u00c9PHANIE VOVOR"},"content":{"rendered":"\t\t<div data-elementor-type=\"wp-page\" data-elementor-id=\"5621\" class=\"elementor elementor-5621\">\n\t\t\t\t\t\t<section class=\"elementor-section elementor-top-section elementor-element elementor-element-226b0049 elementor-section-boxed elementor-section-height-default elementor-section-height-default\" data-id=\"226b0049\" data-element_type=\"section\" data-e-type=\"section\">\n\t\t\t\t\t\t<div class=\"elementor-container elementor-column-gap-default\">\n\t\t\t\t\t<div class=\"elementor-column elementor-col-100 elementor-top-column elementor-element elementor-element-18cea34b\" data-id=\"18cea34b\" data-element_type=\"column\" data-e-type=\"column\">\n\t\t\t<div class=\"elementor-widget-wrap elementor-element-populated\">\n\t\t\t\t\t\t<div class=\"elementor-element elementor-element-5931f62a elementor-widget elementor-widget-heading\" data-id=\"5931f62a\" data-element_type=\"widget\" data-e-type=\"widget\" data-widget_type=\"heading.default\">\n\t\t\t\t<div class=\"elementor-widget-container\">\n\t\t\t\t\t<h2 class=\"elementor-heading-title elementor-size-default\">VENDREDI 26 JUIN 2026 \/ LIBRAIRIE AU BORD DU JOUR \/ M\u00c9DIATH\u00c8QUE PHILIPPE VIAL<\/h2>\t\t\t\t<\/div>\n\t\t\t\t<\/div>\n\t\t\t\t<div class=\"elementor-element elementor-element-59027d elementor-widget-divider--view-line elementor-widget elementor-widget-divider\" data-id=\"59027d\" data-element_type=\"widget\" data-e-type=\"widget\" data-widget_type=\"divider.default\">\n\t\t\t\t<div class=\"elementor-widget-container\">\n\t\t\t\t\t\t\t<div class=\"elementor-divider\">\n\t\t\t<span class=\"elementor-divider-separator\">\n\t\t\t\t\t\t<\/span>\n\t\t<\/div>\n\t\t\t\t\t\t<\/div>\n\t\t\t\t<\/div>\n\t\t\t\t\t<\/div>\n\t\t<\/div>\n\t\t\t\t\t<\/div>\n\t\t<\/section>\n\t\t\t\t<section class=\"elementor-section elementor-top-section elementor-element elementor-element-7627c4e8 elementor-section-boxed elementor-section-height-default elementor-section-height-default\" data-id=\"7627c4e8\" data-element_type=\"section\" data-e-type=\"section\">\n\t\t\t\t\t\t<div class=\"elementor-container elementor-column-gap-default\">\n\t\t\t\t\t<div class=\"elementor-column elementor-col-50 elementor-top-column elementor-element elementor-element-4cb44f7b\" data-id=\"4cb44f7b\" data-element_type=\"column\" data-e-type=\"column\">\n\t\t\t<div class=\"elementor-widget-wrap elementor-element-populated\">\n\t\t\t\t\t\t<div class=\"elementor-element elementor-element-3b6ad14f elementor-widget elementor-widget-heading\" data-id=\"3b6ad14f\" data-element_type=\"widget\" data-e-type=\"widget\" data-widget_type=\"heading.default\">\n\t\t\t\t<div class=\"elementor-widget-container\">\n\t\t\t\t\t<h2 class=\"elementor-heading-title elementor-size-default\">ST\u00c9PHANIE VOVOR<\/h2>\t\t\t\t<\/div>\n\t\t\t\t<\/div>\n\t\t\t\t<div class=\"elementor-element elementor-element-76eb4bd7 elementor-widget elementor-widget-text-editor\" data-id=\"76eb4bd7\" data-element_type=\"widget\" data-e-type=\"widget\" data-widget_type=\"text-editor.default\">\n\t\t\t\t<div class=\"elementor-widget-container\">\n\t\t\t\t\t\t\t\t\t<h2>14H &#8211; atelier d&rsquo;\u00e9criture avec Katia Bouchoueva \u00e0 la m\u00e9diath\u00e8que Philippe Vial<\/h2>\n<h2>&nbsp;19H &#8211; rencontre avec St\u00e9phanie Vovor \u00e0 la librairie<\/h2>\n<p><em>gratuit \/ atelier sur r\u00e9servation : bib.voiron@paysvoironnais.com 04 76 67 93 13<\/em><\/p>\t\t\t\t\t\t\t\t<\/div>\n\t\t\t\t<\/div>\n\t\t\t\t<div class=\"elementor-element elementor-element-6773344 elementor-widget-divider--view-line elementor-widget elementor-widget-divider\" data-id=\"6773344\" data-element_type=\"widget\" data-e-type=\"widget\" data-widget_type=\"divider.default\">\n\t\t\t\t<div class=\"elementor-widget-container\">\n\t\t\t\t\t\t\t<div class=\"elementor-divider\">\n\t\t\t<span class=\"elementor-divider-separator\">\n\t\t\t\t\t\t<\/span>\n\t\t<\/div>\n\t\t\t\t\t\t<\/div>\n\t\t\t\t<\/div>\n\t\t\t\t<div class=\"elementor-element elementor-element-3563d76a elementor-widget elementor-widget-text-editor\" data-id=\"3563d76a\" data-element_type=\"widget\" data-e-type=\"widget\" data-widget_type=\"text-editor.default\">\n\t\t\t\t<div class=\"elementor-widget-container\">\n\t\t\t\t\t\t\t\t\t<p class=\"MsoNormal\" style=\"margin: 0cm; font-size: 12pt; font-family: Calibri, sans-serif; color: #000000; font-style: normal; font-variant-ligatures: normal; font-variant-caps: normal; font-weight: 400; text-align: justify;\">Form\u00e9e au droit des affaires et \u00e0 la cr\u00e9ation litt\u00e9raire, St\u00e9phanie Vovor pratique une po\u00e9sie cash, explosive, tout en travaillant au renouvellement de la langue. Dans son premier livre, Fr\u00e9n\u00e9sies, paru aux \u00e9ditions Castor Astral en 2023, la po\u00e9tesse traverse des paysages socio-politiques ass\u00e9ch\u00e9s par la pr\u00e9carit\u00e9 et les faux-semblants, dans un mouvement audacieux \u2014 celui de qui conna\u00eet de l\u2019int\u00e9rieur le travail \u00e9puisant de standardiste. Comme en miroir d\u2019une r\u00e9alit\u00e9 morcel\u00e9e par le travail ali\u00e9nant et les injonctions sociales, le texte de St\u00e9phanie Vovor progresse de mani\u00e8re saccad\u00e9e, sans jamais tomber dans le pathos, y apportant au contraire une forme de joie et des possibilit\u00e9s de lib\u00e9ration. Cette rencontre, anim\u00e9e par G\u00e9raldine H\u00e9r\u00e9dia, libraire \u00e0 Au bord du jour, sera l\u2019occasion de nous tenir au plus pr\u00e8s de la naissance de ce premier livre.<\/p>\t\t\t\t\t\t\t\t<\/div>\n\t\t\t\t<\/div>\n\t\t\t\t<div class=\"elementor-element elementor-element-2adb3c70 elementor-widget elementor-widget-text-editor\" data-id=\"2adb3c70\" data-element_type=\"widget\" data-e-type=\"widget\" data-widget_type=\"text-editor.default\">\n\t\t\t\t<div class=\"elementor-widget-container\">\n\t\t\t\t\t\t\t\t\t<p><strong>animation<\/strong> :\u00a0<span style=\"font-family: 'Open Sans', sans-serif; font-size: 14px; font-style: normal; font-variant-caps: normal;\">\u00a0<\/span><span style=\"font-family: 'Open Sans', sans-serif; font-size: 14px; font-style: normal; font-variant-caps: normal;\"><strong>G\u00e9raldine H\u00e9r\u00e9dia<\/strong>, libraire<\/span><\/p>\t\t\t\t\t\t\t\t<\/div>\n\t\t\t\t<\/div>\n\t\t\t\t<div class=\"elementor-element elementor-element-1c4eaab3 elementor-widget__width-initial elementor-widget elementor-widget-text-editor\" data-id=\"1c4eaab3\" data-element_type=\"widget\" data-e-type=\"widget\" data-widget_type=\"text-editor.default\">\n\t\t\t\t<div class=\"elementor-widget-container\">\n\t\t\t\t\t\t\t\t\t<p>librairie Au bord du jour : 20, rue Dode, Voiron\u00a0<\/p><p>m\u00e9diath\u00e8que Philippe Vial : 5, bd Edgar Kofler, Voiron<\/p>\t\t\t\t\t\t\t\t<\/div>\n\t\t\t\t<\/div>\n\t\t\t\t\t<\/div>\n\t\t<\/div>\n\t\t\t\t<div class=\"elementor-column elementor-col-50 elementor-top-column elementor-element elementor-element-25ff747f\" data-id=\"25ff747f\" data-element_type=\"column\" data-e-type=\"column\">\n\t\t\t<div class=\"elementor-widget-wrap elementor-element-populated\">\n\t\t\t\t\t\t<section class=\"elementor-section elementor-inner-section elementor-element elementor-element-31dce09 elementor-section-boxed elementor-section-height-default elementor-section-height-default\" data-id=\"31dce09\" data-element_type=\"section\" data-e-type=\"section\">\n\t\t\t\t\t\t<div class=\"elementor-container elementor-column-gap-default\">\n\t\t\t\t\t<div class=\"elementor-column elementor-col-100 elementor-inner-column elementor-element elementor-element-7d1a2725\" data-id=\"7d1a2725\" data-element_type=\"column\" data-e-type=\"column\">\n\t\t\t<div class=\"elementor-widget-wrap elementor-element-populated\">\n\t\t\t\t\t\t<div class=\"elementor-element elementor-element-33281efb elementor-widget elementor-widget-image\" data-id=\"33281efb\" data-element_type=\"widget\" data-e-type=\"widget\" data-widget_type=\"image.default\">\n\t\t\t\t<div class=\"elementor-widget-container\">\n\t\t\t\t\t\t\t\t\t\t\t\t\t\t\t<img fetchpriority=\"high\" decoding=\"async\" width=\"212\" height=\"300\" src=\"https:\/\/officetransportspoetik.com\/wp-content\/uploads\/2026\/03\/Photo-Stephanie-Vovor-2-212x300.jpg\" class=\"attachment-medium size-medium wp-image-5309\" alt=\"\" srcset=\"https:\/\/officetransportspoetik.com\/wp-content\/uploads\/2026\/03\/Photo-Stephanie-Vovor-2-212x300.jpg 212w, https:\/\/officetransportspoetik.com\/wp-content\/uploads\/2026\/03\/Photo-Stephanie-Vovor-2-724x1024.jpg 724w, https:\/\/officetransportspoetik.com\/wp-content\/uploads\/2026\/03\/Photo-Stephanie-Vovor-2-768x1086.jpg 768w, https:\/\/officetransportspoetik.com\/wp-content\/uploads\/2026\/03\/Photo-Stephanie-Vovor-2-1086x1536.jpg 1086w, https:\/\/officetransportspoetik.com\/wp-content\/uploads\/2026\/03\/Photo-Stephanie-Vovor-2-1448x2048.jpg 1448w, https:\/\/officetransportspoetik.com\/wp-content\/uploads\/2026\/03\/Photo-Stephanie-Vovor-2-scaled.jpg 1811w\" sizes=\"(max-width: 212px) 100vw, 212px\" \/>\t\t\t\t\t\t\t\t\t\t\t\t\t\t\t<\/div>\n\t\t\t\t<\/div>\n\t\t\t\t<div class=\"elementor-element elementor-element-62f42cf5 elementor-widget elementor-widget-heading\" data-id=\"62f42cf5\" data-element_type=\"widget\" data-e-type=\"widget\" data-widget_type=\"heading.default\">\n\t\t\t\t<div class=\"elementor-widget-container\">\n\t\t\t\t\t<h2 class=\"elementor-heading-title elementor-size-small\">St\u00e9phanie VOVOR<\/h2>\t\t\t\t<\/div>\n\t\t\t\t<\/div>\n\t\t\t\t\t<\/div>\n\t\t<\/div>\n\t\t\t\t\t<\/div>\n\t\t<\/section>\n\t\t\t\t\t<\/div>\n\t\t<\/div>\n\t\t\t\t\t<\/div>\n\t\t<\/section>\n\t\t\t\t<\/div>\n\t\t","protected":false},"excerpt":{"rendered":"<p>VENDREDI 26 JUIN 2026 \/ LIBRAIRIE AU BORD DU JOUR \/ M\u00c9DIATH\u00c8QUE PHILIPPE VIAL ST\u00c9PHANIE VOVOR 14H &#8211; atelier d&rsquo;\u00e9criture avec Katia Bouchoueva \u00e0 la m\u00e9diath\u00e8que Philippe Vial &nbsp;19H &#8211; rencontre avec St\u00e9phanie Vovor \u00e0 la librairie gratuit \/ atelier sur r\u00e9servation : bib.voiron@paysvoironnais.com 04 76 67 93 13 Form\u00e9e au droit des affaires et [&hellip;]<\/p>\n","protected":false},"author":1,"featured_media":0,"parent":0,"menu_order":0,"comment_status":"closed","ping_status":"closed","template":"elementor_header_footer","meta":{"ocean_post_layout":"","ocean_both_sidebars_style":"","ocean_both_sidebars_content_width":0,"ocean_both_sidebars_sidebars_width":0,"ocean_sidebar":"","ocean_second_sidebar":"","ocean_disable_margins":"enable","ocean_add_body_class":"","ocean_shortcode_before_top_bar":"","ocean_shortcode_after_top_bar":"","ocean_shortcode_before_header":"","ocean_shortcode_after_header":"","ocean_has_shortcode":"","ocean_shortcode_after_title":"","ocean_shortcode_before_footer_widgets":"","ocean_shortcode_after_footer_widgets":"","ocean_shortcode_before_footer_bottom":"","ocean_shortcode_after_footer_bottom":"","ocean_display_top_bar":"default","ocean_display_header":"default","ocean_header_style":"","ocean_center_header_left_menu":"","ocean_custom_header_template":"","ocean_custom_logo":0,"ocean_custom_retina_logo":0,"ocean_custom_logo_max_width":0,"ocean_custom_logo_tablet_max_width":0,"ocean_custom_logo_mobile_max_width":0,"ocean_custom_logo_max_height":0,"ocean_custom_logo_tablet_max_height":0,"ocean_custom_logo_mobile_max_height":0,"ocean_header_custom_menu":"","ocean_menu_typo_font_family":"","ocean_menu_typo_font_subset":"","ocean_menu_typo_font_size":0,"ocean_menu_typo_font_size_tablet":0,"ocean_menu_typo_font_size_mobile":0,"ocean_menu_typo_font_size_unit":"px","ocean_menu_typo_font_weight":"","ocean_menu_typo_font_weight_tablet":"","ocean_menu_typo_font_weight_mobile":"","ocean_menu_typo_transform":"","ocean_menu_typo_transform_tablet":"","ocean_menu_typo_transform_mobile":"","ocean_menu_typo_line_height":0,"ocean_menu_typo_line_height_tablet":0,"ocean_menu_typo_line_height_mobile":0,"ocean_menu_typo_line_height_unit":"","ocean_menu_typo_spacing":0,"ocean_menu_typo_spacing_tablet":0,"ocean_menu_typo_spacing_mobile":0,"ocean_menu_typo_spacing_unit":"","ocean_menu_link_color":"","ocean_menu_link_color_hover":"","ocean_menu_link_color_active":"","ocean_menu_link_background":"","ocean_menu_link_hover_background":"","ocean_menu_link_active_background":"","ocean_menu_social_links_bg":"","ocean_menu_social_hover_links_bg":"","ocean_menu_social_links_color":"","ocean_menu_social_hover_links_color":"","ocean_disable_title":"default","ocean_disable_heading":"default","ocean_post_title":"","ocean_post_subheading":"","ocean_post_title_style":"","ocean_post_title_background_color":"","ocean_post_title_background":0,"ocean_post_title_bg_image_position":"","ocean_post_title_bg_image_attachment":"","ocean_post_title_bg_image_repeat":"","ocean_post_title_bg_image_size":"","ocean_post_title_height":0,"ocean_post_title_bg_overlay":0.5,"ocean_post_title_bg_overlay_color":"","ocean_disable_breadcrumbs":"default","ocean_breadcrumbs_color":"","ocean_breadcrumbs_separator_color":"","ocean_breadcrumbs_links_color":"","ocean_breadcrumbs_links_hover_color":"","ocean_display_footer_widgets":"default","ocean_display_footer_bottom":"default","ocean_custom_footer_template":"","footnotes":""},"class_list":["post-5621","page","type-page","status-publish","hentry","entry"],"yoast_head":"<!-- This site is optimized with the Yoast SEO plugin v27.4 - https:\/\/yoast.com\/product\/yoast-seo-wordpress\/ -->\n<title>VENDREDI 26 JUIN 2026 - ST\u00c9PHANIE VOVOR - Office des Transports Po\u00e9tik<\/title>\n<meta name=\"robots\" content=\"index, follow, max-snippet:-1, max-image-preview:large, max-video-preview:-1\" \/>\n<link rel=\"canonical\" href=\"https:\/\/officetransportspoetik.com\/index.php\/vendredi-26-juin-2026-stephanie-vovor\/\" \/>\n<meta property=\"og:locale\" content=\"fr_FR\" \/>\n<meta property=\"og:type\" content=\"article\" \/>\n<meta property=\"og:title\" content=\"VENDREDI 26 JUIN 2026 - ST\u00c9PHANIE VOVOR - Office des Transports Po\u00e9tik\" \/>\n<meta property=\"og:description\" content=\"VENDREDI 26 JUIN 2026 \/ LIBRAIRIE AU BORD DU JOUR \/ M\u00c9DIATH\u00c8QUE PHILIPPE VIAL ST\u00c9PHANIE VOVOR 14H &#8211; atelier d&rsquo;\u00e9criture avec Katia Bouchoueva \u00e0 la m\u00e9diath\u00e8que Philippe Vial &nbsp;19H &#8211; rencontre avec St\u00e9phanie Vovor \u00e0 la librairie gratuit \/ atelier sur r\u00e9servation : bib.voiron@paysvoironnais.com 04 76 67 93 13 Form\u00e9e au droit des affaires et [&hellip;]\" \/>\n<meta property=\"og:url\" content=\"https:\/\/officetransportspoetik.com\/index.php\/vendredi-26-juin-2026-stephanie-vovor\/\" \/>\n<meta property=\"og:site_name\" content=\"Office des Transports Po\u00e9tik\" \/>\n<meta property=\"article:publisher\" content=\"https:\/\/www.facebook.com\/officedestransportspoetik\" \/>\n<meta property=\"article:modified_time\" content=\"2026-04-13T14:19:06+00:00\" \/>\n<meta property=\"og:image\" content=\"https:\/\/officetransportspoetik.com\/wp-content\/uploads\/2026\/03\/Photo-Stephanie-Vovor-2-scaled.jpg\" \/>\n\t<meta property=\"og:image:width\" content=\"1811\" \/>\n\t<meta property=\"og:image:height\" content=\"2560\" \/>\n\t<meta property=\"og:image:type\" content=\"image\/jpeg\" \/>\n<meta name=\"twitter:card\" content=\"summary_large_image\" \/>\n<meta name=\"twitter:label1\" content=\"Dur\u00e9e de lecture estim\u00e9e\" \/>\n\t<meta name=\"twitter:data1\" content=\"2 minutes\" \/>\n<script type=\"application\/ld+json\" class=\"yoast-schema-graph\">{\"@context\":\"https:\\\/\\\/schema.org\",\"@graph\":[{\"@type\":\"WebPage\",\"@id\":\"https:\\\/\\\/officetransportspoetik.com\\\/index.php\\\/vendredi-26-juin-2026-stephanie-vovor\\\/\",\"url\":\"https:\\\/\\\/officetransportspoetik.com\\\/index.php\\\/vendredi-26-juin-2026-stephanie-vovor\\\/\",\"name\":\"VENDREDI 26 JUIN 2026 - ST\u00c9PHANIE VOVOR - Office des Transports Po\u00e9tik\",\"isPartOf\":{\"@id\":\"https:\\\/\\\/officetransportspoetik.com\\\/#website\"},\"primaryImageOfPage\":{\"@id\":\"https:\\\/\\\/officetransportspoetik.com\\\/index.php\\\/vendredi-26-juin-2026-stephanie-vovor\\\/#primaryimage\"},\"image\":{\"@id\":\"https:\\\/\\\/officetransportspoetik.com\\\/index.php\\\/vendredi-26-juin-2026-stephanie-vovor\\\/#primaryimage\"},\"thumbnailUrl\":\"https:\\\/\\\/officetransportspoetik.com\\\/wp-content\\\/uploads\\\/2026\\\/03\\\/Photo-Stephanie-Vovor-2-212x300.jpg\",\"datePublished\":\"2026-04-13T14:10:38+00:00\",\"dateModified\":\"2026-04-13T14:19:06+00:00\",\"breadcrumb\":{\"@id\":\"https:\\\/\\\/officetransportspoetik.com\\\/index.php\\\/vendredi-26-juin-2026-stephanie-vovor\\\/#breadcrumb\"},\"inLanguage\":\"fr-FR\",\"potentialAction\":[{\"@type\":\"ReadAction\",\"target\":[\"https:\\\/\\\/officetransportspoetik.com\\\/index.php\\\/vendredi-26-juin-2026-stephanie-vovor\\\/\"]}]},{\"@type\":\"ImageObject\",\"inLanguage\":\"fr-FR\",\"@id\":\"https:\\\/\\\/officetransportspoetik.com\\\/index.php\\\/vendredi-26-juin-2026-stephanie-vovor\\\/#primaryimage\",\"url\":\"https:\\\/\\\/officetransportspoetik.com\\\/wp-content\\\/uploads\\\/2026\\\/03\\\/Photo-Stephanie-Vovor-2-scaled.jpg\",\"contentUrl\":\"https:\\\/\\\/officetransportspoetik.com\\\/wp-content\\\/uploads\\\/2026\\\/03\\\/Photo-Stephanie-Vovor-2-scaled.jpg\",\"width\":1811,\"height\":2560},{\"@type\":\"BreadcrumbList\",\"@id\":\"https:\\\/\\\/officetransportspoetik.com\\\/index.php\\\/vendredi-26-juin-2026-stephanie-vovor\\\/#breadcrumb\",\"itemListElement\":[{\"@type\":\"ListItem\",\"position\":1,\"name\":\"Accueil\",\"item\":\"https:\\\/\\\/officetransportspoetik.com\\\/\"},{\"@type\":\"ListItem\",\"position\":2,\"name\":\"VENDREDI 26 JUIN 2026 &#8211; ST\u00c9PHANIE VOVOR\"}]},{\"@type\":\"WebSite\",\"@id\":\"https:\\\/\\\/officetransportspoetik.com\\\/#website\",\"url\":\"https:\\\/\\\/officetransportspoetik.com\\\/\",\"name\":\"Office des Transports Po\u00e9tik\",\"description\":\"autour des \u00e9critures po\u00e9tiques contemporaines\",\"publisher\":{\"@id\":\"https:\\\/\\\/officetransportspoetik.com\\\/#organization\"},\"potentialAction\":[{\"@type\":\"SearchAction\",\"target\":{\"@type\":\"EntryPoint\",\"urlTemplate\":\"https:\\\/\\\/officetransportspoetik.com\\\/?s={search_term_string}\"},\"query-input\":{\"@type\":\"PropertyValueSpecification\",\"valueRequired\":true,\"valueName\":\"search_term_string\"}}],\"inLanguage\":\"fr-FR\"},{\"@type\":\"Organization\",\"@id\":\"https:\\\/\\\/officetransportspoetik.com\\\/#organization\",\"name\":\"Office des Transports Po\u00e9tik\",\"url\":\"https:\\\/\\\/officetransportspoetik.com\\\/\",\"logo\":{\"@type\":\"ImageObject\",\"inLanguage\":\"fr-FR\",\"@id\":\"https:\\\/\\\/officetransportspoetik.com\\\/#\\\/schema\\\/logo\\\/image\\\/\",\"url\":\"https:\\\/\\\/officetransportspoetik.com\\\/wp-content\\\/uploads\\\/2023\\\/01\\\/logo-Office-rouge-pour-programme-festival-2022.jpg\",\"contentUrl\":\"https:\\\/\\\/officetransportspoetik.com\\\/wp-content\\\/uploads\\\/2023\\\/01\\\/logo-Office-rouge-pour-programme-festival-2022.jpg\",\"width\":1200,\"height\":500,\"caption\":\"Office des Transports Po\u00e9tik\"},\"image\":{\"@id\":\"https:\\\/\\\/officetransportspoetik.com\\\/#\\\/schema\\\/logo\\\/image\\\/\"},\"sameAs\":[\"https:\\\/\\\/www.facebook.com\\\/officedestransportspoetik\",\"https:\\\/\\\/www.instagram.com\\\/office_des_transports_poetik\\\/\"]}]}<\/script>\n<!-- \/ Yoast SEO plugin. -->","yoast_head_json":{"title":"VENDREDI 26 JUIN 2026 - ST\u00c9PHANIE VOVOR - Office des Transports Po\u00e9tik","robots":{"index":"index","follow":"follow","max-snippet":"max-snippet:-1","max-image-preview":"max-image-preview:large","max-video-preview":"max-video-preview:-1"},"canonical":"https:\/\/officetransportspoetik.com\/index.php\/vendredi-26-juin-2026-stephanie-vovor\/","og_locale":"fr_FR","og_type":"article","og_title":"VENDREDI 26 JUIN 2026 - ST\u00c9PHANIE VOVOR - Office des Transports Po\u00e9tik","og_description":"VENDREDI 26 JUIN 2026 \/ LIBRAIRIE AU BORD DU JOUR \/ M\u00c9DIATH\u00c8QUE PHILIPPE VIAL ST\u00c9PHANIE VOVOR 14H &#8211; atelier d&rsquo;\u00e9criture avec Katia Bouchoueva \u00e0 la m\u00e9diath\u00e8que Philippe Vial &nbsp;19H &#8211; rencontre avec St\u00e9phanie Vovor \u00e0 la librairie gratuit \/ atelier sur r\u00e9servation : bib.voiron@paysvoironnais.com 04 76 67 93 13 Form\u00e9e au droit des affaires et [&hellip;]","og_url":"https:\/\/officetransportspoetik.com\/index.php\/vendredi-26-juin-2026-stephanie-vovor\/","og_site_name":"Office des Transports Po\u00e9tik","article_publisher":"https:\/\/www.facebook.com\/officedestransportspoetik","article_modified_time":"2026-04-13T14:19:06+00:00","og_image":[{"width":1811,"height":2560,"url":"https:\/\/officetransportspoetik.com\/wp-content\/uploads\/2026\/03\/Photo-Stephanie-Vovor-2-scaled.jpg","type":"image\/jpeg"}],"twitter_card":"summary_large_image","twitter_misc":{"Dur\u00e9e de lecture estim\u00e9e":"2 minutes"},"schema":{"@context":"https:\/\/schema.org","@graph":[{"@type":"WebPage","@id":"https:\/\/officetransportspoetik.com\/index.php\/vendredi-26-juin-2026-stephanie-vovor\/","url":"https:\/\/officetransportspoetik.com\/index.php\/vendredi-26-juin-2026-stephanie-vovor\/","name":"VENDREDI 26 JUIN 2026 - ST\u00c9PHANIE VOVOR - Office des Transports Po\u00e9tik","isPartOf":{"@id":"https:\/\/officetransportspoetik.com\/#website"},"primaryImageOfPage":{"@id":"https:\/\/officetransportspoetik.com\/index.php\/vendredi-26-juin-2026-stephanie-vovor\/#primaryimage"},"image":{"@id":"https:\/\/officetransportspoetik.com\/index.php\/vendredi-26-juin-2026-stephanie-vovor\/#primaryimage"},"thumbnailUrl":"https:\/\/officetransportspoetik.com\/wp-content\/uploads\/2026\/03\/Photo-Stephanie-Vovor-2-212x300.jpg","datePublished":"2026-04-13T14:10:38+00:00","dateModified":"2026-04-13T14:19:06+00:00","breadcrumb":{"@id":"https:\/\/officetransportspoetik.com\/index.php\/vendredi-26-juin-2026-stephanie-vovor\/#breadcrumb"},"inLanguage":"fr-FR","potentialAction":[{"@type":"ReadAction","target":["https:\/\/officetransportspoetik.com\/index.php\/vendredi-26-juin-2026-stephanie-vovor\/"]}]},{"@type":"ImageObject","inLanguage":"fr-FR","@id":"https:\/\/officetransportspoetik.com\/index.php\/vendredi-26-juin-2026-stephanie-vovor\/#primaryimage","url":"https:\/\/officetransportspoetik.com\/wp-content\/uploads\/2026\/03\/Photo-Stephanie-Vovor-2-scaled.jpg","contentUrl":"https:\/\/officetransportspoetik.com\/wp-content\/uploads\/2026\/03\/Photo-Stephanie-Vovor-2-scaled.jpg","width":1811,"height":2560},{"@type":"BreadcrumbList","@id":"https:\/\/officetransportspoetik.com\/index.php\/vendredi-26-juin-2026-stephanie-vovor\/#breadcrumb","itemListElement":[{"@type":"ListItem","position":1,"name":"Accueil","item":"https:\/\/officetransportspoetik.com\/"},{"@type":"ListItem","position":2,"name":"VENDREDI 26 JUIN 2026 &#8211; ST\u00c9PHANIE VOVOR"}]},{"@type":"WebSite","@id":"https:\/\/officetransportspoetik.com\/#website","url":"https:\/\/officetransportspoetik.com\/","name":"Office des Transports Po\u00e9tik","description":"autour des \u00e9critures po\u00e9tiques contemporaines","publisher":{"@id":"https:\/\/officetransportspoetik.com\/#organization"},"potentialAction":[{"@type":"SearchAction","target":{"@type":"EntryPoint","urlTemplate":"https:\/\/officetransportspoetik.com\/?s={search_term_string}"},"query-input":{"@type":"PropertyValueSpecification","valueRequired":true,"valueName":"search_term_string"}}],"inLanguage":"fr-FR"},{"@type":"Organization","@id":"https:\/\/officetransportspoetik.com\/#organization","name":"Office des Transports Po\u00e9tik","url":"https:\/\/officetransportspoetik.com\/","logo":{"@type":"ImageObject","inLanguage":"fr-FR","@id":"https:\/\/officetransportspoetik.com\/#\/schema\/logo\/image\/","url":"https:\/\/officetransportspoetik.com\/wp-content\/uploads\/2023\/01\/logo-Office-rouge-pour-programme-festival-2022.jpg","contentUrl":"https:\/\/officetransportspoetik.com\/wp-content\/uploads\/2023\/01\/logo-Office-rouge-pour-programme-festival-2022.jpg","width":1200,"height":500,"caption":"Office des Transports Po\u00e9tik"},"image":{"@id":"https:\/\/officetransportspoetik.com\/#\/schema\/logo\/image\/"},"sameAs":["https:\/\/www.facebook.com\/officedestransportspoetik","https:\/\/www.instagram.com\/office_des_transports_poetik\/"]}]}},"_links":{"self":[{"href":"https:\/\/officetransportspoetik.com\/index.php\/wp-json\/wp\/v2\/pages\/5621","targetHints":{"allow":["GET"]}}],"collection":[{"href":"https:\/\/officetransportspoetik.com\/index.php\/wp-json\/wp\/v2\/pages"}],"about":[{"href":"https:\/\/officetransportspoetik.com\/index.php\/wp-json\/wp\/v2\/types\/page"}],"author":[{"embeddable":true,"href":"https:\/\/officetransportspoetik.com\/index.php\/wp-json\/wp\/v2\/users\/1"}],"replies":[{"embeddable":true,"href":"https:\/\/officetransportspoetik.com\/index.php\/wp-json\/wp\/v2\/comments?post=5621"}],"version-history":[{"count":19,"href":"https:\/\/officetransportspoetik.com\/index.php\/wp-json\/wp\/v2\/pages\/5621\/revisions"}],"predecessor-version":[{"id":5640,"href":"https:\/\/officetransportspoetik.com\/index.php\/wp-json\/wp\/v2\/pages\/5621\/revisions\/5640"}],"wp:attachment":[{"href":"https:\/\/officetransportspoetik.com\/index.php\/wp-json\/wp\/v2\/media?parent=5621"}],"curies":[{"name":"wp","href":"https:\/\/api.w.org\/{rel}","templated":true}]}}