{"id":3107,"date":"2023-07-25T10:47:45","date_gmt":"2023-07-25T08:47:45","guid":{"rendered":"https:\/\/officetransportspoetik.com\/?page_id=3107"},"modified":"2023-09-13T14:02:14","modified_gmt":"2023-09-13T12:02:14","slug":"victorien-buisson-cause-de-50","status":"publish","type":"page","link":"https:\/\/officetransportspoetik.com\/index.php\/victorien-buisson-cause-de-50\/","title":{"rendered":"VICTORIEN BUISSON CAUSE DE 50"},"content":{"rendered":"\t\t<div data-elementor-type=\"wp-page\" data-elementor-id=\"3107\" class=\"elementor elementor-3107\">\n\t\t\t\t\t\t<section class=\"elementor-section elementor-top-section elementor-element elementor-element-17242f9 elementor-section-full_width elementor-section-height-min-height elementor-section-stretched elementor-section-height-default elementor-section-items-middle\" data-id=\"17242f9\" data-element_type=\"section\" data-e-type=\"section\" data-settings=\"{&quot;background_background&quot;:&quot;slideshow&quot;,&quot;background_slideshow_gallery&quot;:[{&quot;id&quot;:3175,&quot;url&quot;:&quot;https:\\\/\\\/officetransportspoetik.com\\\/wp-content\\\/uploads\\\/2023\\\/07\\\/photo-Victorien.webp&quot;}],&quot;background_slideshow_slide_duration&quot;:5008,&quot;stretch_section&quot;:&quot;section-stretched&quot;,&quot;background_slideshow_slide_transition&quot;:&quot;fade&quot;,&quot;background_slideshow_transition_duration&quot;:500}\">\n\t\t\t\t\t\t<div class=\"elementor-container elementor-column-gap-default\">\n\t\t\t\t\t<div class=\"elementor-column elementor-col-100 elementor-top-column elementor-element elementor-element-d9b081c\" data-id=\"d9b081c\" data-element_type=\"column\" data-e-type=\"column\">\n\t\t\t<div class=\"elementor-widget-wrap elementor-element-populated\">\n\t\t\t\t\t\t<div class=\"elementor-element elementor-element-25d0124 elementor-widget elementor-widget-heading\" data-id=\"25d0124\" data-element_type=\"widget\" data-e-type=\"widget\" data-widget_type=\"heading.default\">\n\t\t\t\t<div class=\"elementor-widget-container\">\n\t\t\t\t\t<h2 class=\"elementor-heading-title elementor-size-large\"><span class=\"elementor-heading-title elementor-size-large elementor-inline-editing pen\" data-elementor-setting-key=\"title\" data-pen-placeholder=\"\u00c9crivez ici...\" style=\", sans-serif;font-style: normal;font-weight: 600\">VICTORIEN CAUSE <br>DE 50<\/span><\/h2>\t\t\t\t<\/div>\n\t\t\t\t<\/div>\n\t\t\t\t\t<\/div>\n\t\t<\/div>\n\t\t\t\t\t<\/div>\n\t\t<\/section>\n\t\t\t\t<section class=\"elementor-section elementor-top-section elementor-element elementor-element-967ee28 elementor-section-boxed elementor-section-height-default elementor-section-height-default\" data-id=\"967ee28\" data-element_type=\"section\" data-e-type=\"section\">\n\t\t\t\t\t\t<div class=\"elementor-container elementor-column-gap-default\">\n\t\t\t\t\t<div class=\"elementor-column elementor-col-100 elementor-top-column elementor-element elementor-element-6f2c65a\" data-id=\"6f2c65a\" data-element_type=\"column\" data-e-type=\"column\">\n\t\t\t<div class=\"elementor-widget-wrap elementor-element-populated\">\n\t\t\t\t\t\t<div class=\"elementor-element elementor-element-2799142 elementor-widget elementor-widget-text-editor\" data-id=\"2799142\" data-element_type=\"widget\" data-e-type=\"widget\" data-widget_type=\"text-editor.default\">\n\t\t\t\t<div class=\"elementor-widget-container\">\n\t\t\t\t\t\t\t\t\t<div><div><p class=\"Standard\" align=\"center\"><strong>50 \u2013 Samantha Barendson \/ Estelle Fenzy, \u00e9ditions La Boucherie litt\u00e9raire<\/strong><\/p><\/div><p class=\"Standard\">Il me semble que la po\u00e9sie \u00e0 les attraits d&rsquo;un genre litt\u00e9raire qui peut le mieux \u00e9pouser son fond dans sa forme. <i>50 <\/i>en est une excellente d\u00e9monstration. Samantha Barendson et Estelle Fenzy rabattent le vers po\u00e9tique pour lui donner une qualit\u00e9 tout autrement moderne.<\/p><\/div><div><p class=\"Standard\">\u00a0\u00a0\u00a0\u00a0\u00a0\u00a0\u00a0\u00a0\u00a0\u00a0\u00a0 Dans l&rsquo;agencement des vers et des strophes qui d\u00e9filent, il y a sans cesse cette frappe surprenante qui vient rompre avec l&rsquo;\u00e9coulement.\u00a0<\/p><\/div><div><p class=\"Standard\" align=\"center\">\u00ab\u00a0Les feuilles d&rsquo;automne<\/p><\/div><div><p class=\"Standard\" align=\"center\">Ma s\u00e9cheresse vaginale\u00a0\u00bb<\/p><\/div>\t\t\t\t\t\t\t\t<\/div>\n\t\t\t\t<\/div>\n\t\t\t\t<div class=\"elementor-element elementor-element-396668b elementor-widget elementor-widget-image\" data-id=\"396668b\" data-element_type=\"widget\" data-e-type=\"widget\" data-widget_type=\"image.default\">\n\t\t\t\t<div class=\"elementor-widget-container\">\n\t\t\t\t\t\t\t\t\t\t\t\t\t\t\t<img fetchpriority=\"high\" decoding=\"async\" width=\"212\" height=\"300\" src=\"https:\/\/officetransportspoetik.com\/wp-content\/uploads\/2023\/07\/50-1-212x300.webp\" class=\"attachment-medium size-medium wp-image-3043\" alt=\"\" srcset=\"https:\/\/officetransportspoetik.com\/wp-content\/uploads\/2023\/07\/50-1-212x300.webp 212w, https:\/\/officetransportspoetik.com\/wp-content\/uploads\/2023\/07\/50-1.webp 707w\" sizes=\"(max-width: 212px) 100vw, 212px\" \/>\t\t\t\t\t\t\t\t\t\t\t\t\t\t\t<\/div>\n\t\t\t\t<\/div>\n\t\t\t\t<div class=\"elementor-element elementor-element-70af7df elementor-widget elementor-widget-text-editor\" data-id=\"70af7df\" data-element_type=\"widget\" data-e-type=\"widget\" data-widget_type=\"text-editor.default\">\n\t\t\t\t<div class=\"elementor-widget-container\">\n\t\t\t\t\t\t\t\t\t<div><div><p class=\"Standard\" align=\"center\"><strong>50 \u2013 Samantha Barendson \/ Estelle Fenzy, \u00e9ditions La Boucherie litt\u00e9raire<\/strong><\/p><\/div><p>\u00a0<\/p><p class=\"Standard\"><i>50 <\/i>est un \u00e9clairage tr\u00e8s bien mis et mordant\u00a0; les po\u00e9sies romantiques se plaignent du temps\u00a0d\u00e9filant ; nos auteures font le constat de ses d\u00e9g\u00e2ts. Ce n&rsquo;est pas pour autant qu&rsquo;il n&rsquo;y aucune nostalgie \u00e9l\u00e9giaque, elle est seulement d\u00e9licate, ne fait qu&rsquo;\u00e9voquer sans rentrer dans un lyrisme trop pr\u00e9sent\u00a0; le path\u00e9tique na\u00eet de la m\u00eame mani\u00e8re que la po\u00e9sie, par un sens de la formulation efficace.<\/p><\/div><div><p class=\"Standard\">\u00a0\u00a0\u00a0\u00a0\u00a0\u00a0\u00a0\u00a0\u00a0\u00a0\u00a0 \u00a0Il semble que le vers soit utilis\u00e9 pour toujours retarder la chute, celle qui d\u00e9range sans aucune raison. Le jeu des cadences fait particuli\u00e8rement ressortir le tabou\u00a0; l&rsquo;on part du constat \u00e9vident face au miroir pour atteindre ce qu&rsquo;il y a de v\u00e9rit\u00e9 universelle l\u00e0-dedans. Cependant, il ne s&rsquo;agit pas uniquement d&rsquo;\u00eatre universelle, mais bien de montrer, comme le laisse pr\u00e9sager la quatri\u00e8me de couverture\u00a0:<\/p><\/div>\t\t\t\t\t\t\t\t<\/div>\n\t\t\t\t<\/div>\n\t\t\t\t<div class=\"elementor-element elementor-element-6408cf0 elementor-widget elementor-widget-image\" data-id=\"6408cf0\" data-element_type=\"widget\" data-e-type=\"widget\" data-widget_type=\"image.default\">\n\t\t\t\t<div class=\"elementor-widget-container\">\n\t\t\t\t\t\t\t\t\t\t\t\t<figure class=\"wp-caption\">\n\t\t\t\t\t\t\t\t\t\t<img decoding=\"async\" width=\"300\" height=\"240\" src=\"https:\/\/officetransportspoetik.com\/wp-content\/uploads\/2023\/07\/estelle-fenzy.par-Remy-Fenzy-300x240.jpg\" class=\"attachment-medium size-medium wp-image-3053\" alt=\"\" srcset=\"https:\/\/officetransportspoetik.com\/wp-content\/uploads\/2023\/07\/estelle-fenzy.par-Remy-Fenzy-300x240.jpg 300w, https:\/\/officetransportspoetik.com\/wp-content\/uploads\/2023\/07\/estelle-fenzy.par-Remy-Fenzy-1024x819.jpg 1024w, https:\/\/officetransportspoetik.com\/wp-content\/uploads\/2023\/07\/estelle-fenzy.par-Remy-Fenzy-768x614.jpg 768w, https:\/\/officetransportspoetik.com\/wp-content\/uploads\/2023\/07\/estelle-fenzy.par-Remy-Fenzy.jpg 1500w\" sizes=\"(max-width: 300px) 100vw, 300px\" \/>\t\t\t\t\t\t\t\t\t\t\t<figcaption class=\"widget-image-caption wp-caption-text\">cr\u00e9dits photo : Remy Fenzy<\/figcaption>\n\t\t\t\t\t\t\t\t\t\t<\/figure>\n\t\t\t\t\t\t\t\t\t<\/div>\n\t\t\t\t<\/div>\n\t\t\t\t<div class=\"elementor-element elementor-element-51a6df0 elementor-widget elementor-widget-text-editor\" data-id=\"51a6df0\" data-element_type=\"widget\" data-e-type=\"widget\" data-widget_type=\"text-editor.default\">\n\t\t\t\t<div class=\"elementor-widget-container\">\n\t\t\t\t\t\t\t\t\t<div><p class=\"Standard\" align=\"center\">\u00ab\u00a0O\u00f9 sont les femmes&#8230; De cinquante ans\u00a0?\u00a0\u00bb<\/p><\/div><div><p class=\"Standard\">\u00a0\u00a0\u00a0\u00a0\u00a0\u00a0\u00a0\u00a0\u00a0\u00a0\u00a0 C&rsquo;est avec beaucoup d&rsquo;humour, en d\u00e9finitive, que les vers repr\u00e9sentent des tableaux d\u00e9laiss\u00e9s, pour autant avec fid\u00e9lit\u00e9 et compassion.<\/p><\/div><div><p class=\"Standard\">\u00a0\u00a0\u00a0\u00a0\u00a0\u00a0\u00a0\u00a0\u00a0\u00a0\u00a0 Je ne pourrais que conseiller de lire <i>50,<\/i> d&rsquo;y d\u00e9couvrir comment cette po\u00e9sie prend sa vivacit\u00e9, et touche du doigt sans insistance ces tableaux cinquantenaires.<\/p><p><strong>VICTORIEN BUISSON<\/strong><\/p><\/div>\t\t\t\t\t\t\t\t<\/div>\n\t\t\t\t<\/div>\n\t\t\t\t<div class=\"elementor-element elementor-element-80baa72 elementor-widget elementor-widget-image\" data-id=\"80baa72\" data-element_type=\"widget\" data-e-type=\"widget\" data-widget_type=\"image.default\">\n\t\t\t\t<div class=\"elementor-widget-container\">\n\t\t\t\t\t\t\t\t\t\t\t\t<figure class=\"wp-caption\">\n\t\t\t\t\t\t\t\t\t\t<img decoding=\"async\" width=\"222\" height=\"300\" src=\"https:\/\/officetransportspoetik.com\/wp-content\/uploads\/2023\/04\/samantha-barendson-c-vincent-moncorge-222x300.jpg\" class=\"attachment-medium size-medium wp-image-2213\" alt=\"\" srcset=\"https:\/\/officetransportspoetik.com\/wp-content\/uploads\/2023\/04\/samantha-barendson-c-vincent-moncorge-222x300.jpg 222w, https:\/\/officetransportspoetik.com\/wp-content\/uploads\/2023\/04\/samantha-barendson-c-vincent-moncorge-759x1024.jpg 759w, https:\/\/officetransportspoetik.com\/wp-content\/uploads\/2023\/04\/samantha-barendson-c-vincent-moncorge-768x1036.jpg 768w, https:\/\/officetransportspoetik.com\/wp-content\/uploads\/2023\/04\/samantha-barendson-c-vincent-moncorge-1138x1536.jpg 1138w, https:\/\/officetransportspoetik.com\/wp-content\/uploads\/2023\/04\/samantha-barendson-c-vincent-moncorge-1518x2048.jpg 1518w, https:\/\/officetransportspoetik.com\/wp-content\/uploads\/2023\/04\/samantha-barendson-c-vincent-moncorge-scaled.jpg 1897w\" sizes=\"(max-width: 222px) 100vw, 222px\" \/>\t\t\t\t\t\t\t\t\t\t\t<figcaption class=\"widget-image-caption wp-caption-text\">cr\u00e9dits photo : Vincent Moncorge<\/figcaption>\n\t\t\t\t\t\t\t\t\t\t<\/figure>\n\t\t\t\t\t\t\t\t\t<\/div>\n\t\t\t\t<\/div>\n\t\t\t\t\t<\/div>\n\t\t<\/div>\n\t\t\t\t\t<\/div>\n\t\t<\/section>\n\t\t\t\t<\/div>\n\t\t","protected":false},"excerpt":{"rendered":"<p>VICTORIEN CAUSE DE 50 50 \u2013 Samantha Barendson \/ Estelle Fenzy, \u00e9ditions La Boucherie litt\u00e9raire Il me semble que la po\u00e9sie \u00e0 les attraits d&rsquo;un genre litt\u00e9raire qui peut le mieux \u00e9pouser son fond dans sa forme. 50 en est une excellente d\u00e9monstration. Samantha Barendson et Estelle Fenzy rabattent le vers po\u00e9tique pour lui donner [&hellip;]<\/p>\n","protected":false},"author":1,"featured_media":0,"parent":0,"menu_order":0,"comment_status":"closed","ping_status":"closed","template":"","meta":{"ocean_post_layout":"full-width","ocean_both_sidebars_style":"","ocean_both_sidebars_content_width":0,"ocean_both_sidebars_sidebars_width":0,"ocean_sidebar":"0","ocean_second_sidebar":"0","ocean_disable_margins":"enable","ocean_add_body_class":"","ocean_shortcode_before_top_bar":"","ocean_shortcode_after_top_bar":"","ocean_shortcode_before_header":"","ocean_shortcode_after_header":"","ocean_has_shortcode":"","ocean_shortcode_after_title":"","ocean_shortcode_before_footer_widgets":"","ocean_shortcode_after_footer_widgets":"","ocean_shortcode_before_footer_bottom":"","ocean_shortcode_after_footer_bottom":"","ocean_display_top_bar":"default","ocean_display_header":"default","ocean_header_style":"","ocean_center_header_left_menu":"0","ocean_custom_header_template":"0","ocean_custom_logo":0,"ocean_custom_retina_logo":0,"ocean_custom_logo_max_width":0,"ocean_custom_logo_tablet_max_width":0,"ocean_custom_logo_mobile_max_width":0,"ocean_custom_logo_max_height":0,"ocean_custom_logo_tablet_max_height":0,"ocean_custom_logo_mobile_max_height":0,"ocean_header_custom_menu":"0","ocean_menu_typo_font_family":"0","ocean_menu_typo_font_subset":"","ocean_menu_typo_font_size":0,"ocean_menu_typo_font_size_tablet":0,"ocean_menu_typo_font_size_mobile":0,"ocean_menu_typo_font_size_unit":"px","ocean_menu_typo_font_weight":"","ocean_menu_typo_font_weight_tablet":"","ocean_menu_typo_font_weight_mobile":"","ocean_menu_typo_transform":"","ocean_menu_typo_transform_tablet":"","ocean_menu_typo_transform_mobile":"","ocean_menu_typo_line_height":0,"ocean_menu_typo_line_height_tablet":0,"ocean_menu_typo_line_height_mobile":0,"ocean_menu_typo_line_height_unit":"","ocean_menu_typo_spacing":0,"ocean_menu_typo_spacing_tablet":0,"ocean_menu_typo_spacing_mobile":0,"ocean_menu_typo_spacing_unit":"","ocean_menu_link_color":"","ocean_menu_link_color_hover":"","ocean_menu_link_color_active":"","ocean_menu_link_background":"","ocean_menu_link_hover_background":"","ocean_menu_link_active_background":"","ocean_menu_social_links_bg":"","ocean_menu_social_hover_links_bg":"","ocean_menu_social_links_color":"","ocean_menu_social_hover_links_color":"","ocean_disable_title":"default","ocean_disable_heading":"default","ocean_post_title":"","ocean_post_subheading":"","ocean_post_title_style":"","ocean_post_title_background_color":"","ocean_post_title_background":0,"ocean_post_title_bg_image_position":"","ocean_post_title_bg_image_attachment":"","ocean_post_title_bg_image_repeat":"","ocean_post_title_bg_image_size":"","ocean_post_title_height":0,"ocean_post_title_bg_overlay":0.5,"ocean_post_title_bg_overlay_color":"","ocean_disable_breadcrumbs":"default","ocean_breadcrumbs_color":"","ocean_breadcrumbs_separator_color":"","ocean_breadcrumbs_links_color":"","ocean_breadcrumbs_links_hover_color":"","ocean_display_footer_widgets":"default","ocean_display_footer_bottom":"default","ocean_custom_footer_template":"0","footnotes":""},"class_list":["post-3107","page","type-page","status-publish","hentry","entry"],"yoast_head":"<!-- This site is optimized with the Yoast SEO plugin v27.4 - https:\/\/yoast.com\/product\/yoast-seo-wordpress\/ -->\n<title>VICTORIEN BUISSON CAUSE DE 50 - Office des Transports Po\u00e9tik<\/title>\n<meta name=\"robots\" content=\"index, follow, max-snippet:-1, max-image-preview:large, max-video-preview:-1\" \/>\n<link rel=\"canonical\" href=\"https:\/\/officetransportspoetik.com\/index.php\/victorien-buisson-cause-de-50\/\" \/>\n<meta property=\"og:locale\" content=\"fr_FR\" \/>\n<meta property=\"og:type\" content=\"article\" \/>\n<meta property=\"og:title\" content=\"VICTORIEN BUISSON CAUSE DE 50 - Office des Transports Po\u00e9tik\" \/>\n<meta property=\"og:description\" content=\"VICTORIEN CAUSE DE 50 50 \u2013 Samantha Barendson \/ Estelle Fenzy, \u00e9ditions La Boucherie litt\u00e9raire Il me semble que la po\u00e9sie \u00e0 les attraits d&rsquo;un genre litt\u00e9raire qui peut le mieux \u00e9pouser son fond dans sa forme. 50 en est une excellente d\u00e9monstration. Samantha Barendson et Estelle Fenzy rabattent le vers po\u00e9tique pour lui donner [&hellip;]\" \/>\n<meta property=\"og:url\" content=\"https:\/\/officetransportspoetik.com\/index.php\/victorien-buisson-cause-de-50\/\" \/>\n<meta property=\"og:site_name\" content=\"Office des Transports Po\u00e9tik\" \/>\n<meta property=\"article:publisher\" content=\"https:\/\/www.facebook.com\/officedestransportspoetik\" \/>\n<meta property=\"article:modified_time\" content=\"2023-09-13T12:02:14+00:00\" \/>\n<meta property=\"og:image\" content=\"https:\/\/officetransportspoetik.com\/wp-content\/uploads\/2023\/07\/50-1-212x300.webp\" \/>\n<meta name=\"twitter:card\" content=\"summary_large_image\" \/>\n<meta name=\"twitter:label1\" content=\"Dur\u00e9e de lecture estim\u00e9e\" \/>\n\t<meta name=\"twitter:data1\" content=\"3 minutes\" \/>\n<script type=\"application\/ld+json\" class=\"yoast-schema-graph\">{\"@context\":\"https:\\\/\\\/schema.org\",\"@graph\":[{\"@type\":\"WebPage\",\"@id\":\"https:\\\/\\\/officetransportspoetik.com\\\/index.php\\\/victorien-buisson-cause-de-50\\\/\",\"url\":\"https:\\\/\\\/officetransportspoetik.com\\\/index.php\\\/victorien-buisson-cause-de-50\\\/\",\"name\":\"VICTORIEN BUISSON CAUSE DE 50 - Office des Transports Po\u00e9tik\",\"isPartOf\":{\"@id\":\"https:\\\/\\\/officetransportspoetik.com\\\/#website\"},\"primaryImageOfPage\":{\"@id\":\"https:\\\/\\\/officetransportspoetik.com\\\/index.php\\\/victorien-buisson-cause-de-50\\\/#primaryimage\"},\"image\":{\"@id\":\"https:\\\/\\\/officetransportspoetik.com\\\/index.php\\\/victorien-buisson-cause-de-50\\\/#primaryimage\"},\"thumbnailUrl\":\"https:\\\/\\\/officetransportspoetik.com\\\/wp-content\\\/uploads\\\/2023\\\/07\\\/50-1-212x300.webp\",\"datePublished\":\"2023-07-25T08:47:45+00:00\",\"dateModified\":\"2023-09-13T12:02:14+00:00\",\"breadcrumb\":{\"@id\":\"https:\\\/\\\/officetransportspoetik.com\\\/index.php\\\/victorien-buisson-cause-de-50\\\/#breadcrumb\"},\"inLanguage\":\"fr-FR\",\"potentialAction\":[{\"@type\":\"ReadAction\",\"target\":[\"https:\\\/\\\/officetransportspoetik.com\\\/index.php\\\/victorien-buisson-cause-de-50\\\/\"]}]},{\"@type\":\"ImageObject\",\"inLanguage\":\"fr-FR\",\"@id\":\"https:\\\/\\\/officetransportspoetik.com\\\/index.php\\\/victorien-buisson-cause-de-50\\\/#primaryimage\",\"url\":\"https:\\\/\\\/officetransportspoetik.com\\\/wp-content\\\/uploads\\\/2023\\\/07\\\/50-1-212x300.webp\",\"contentUrl\":\"https:\\\/\\\/officetransportspoetik.com\\\/wp-content\\\/uploads\\\/2023\\\/07\\\/50-1-212x300.webp\"},{\"@type\":\"BreadcrumbList\",\"@id\":\"https:\\\/\\\/officetransportspoetik.com\\\/index.php\\\/victorien-buisson-cause-de-50\\\/#breadcrumb\",\"itemListElement\":[{\"@type\":\"ListItem\",\"position\":1,\"name\":\"Accueil\",\"item\":\"https:\\\/\\\/officetransportspoetik.com\\\/\"},{\"@type\":\"ListItem\",\"position\":2,\"name\":\"VICTORIEN BUISSON CAUSE DE 50\"}]},{\"@type\":\"WebSite\",\"@id\":\"https:\\\/\\\/officetransportspoetik.com\\\/#website\",\"url\":\"https:\\\/\\\/officetransportspoetik.com\\\/\",\"name\":\"Office des Transports Po\u00e9tik\",\"description\":\"autour des \u00e9critures po\u00e9tiques contemporaines\",\"publisher\":{\"@id\":\"https:\\\/\\\/officetransportspoetik.com\\\/#organization\"},\"potentialAction\":[{\"@type\":\"SearchAction\",\"target\":{\"@type\":\"EntryPoint\",\"urlTemplate\":\"https:\\\/\\\/officetransportspoetik.com\\\/?s={search_term_string}\"},\"query-input\":{\"@type\":\"PropertyValueSpecification\",\"valueRequired\":true,\"valueName\":\"search_term_string\"}}],\"inLanguage\":\"fr-FR\"},{\"@type\":\"Organization\",\"@id\":\"https:\\\/\\\/officetransportspoetik.com\\\/#organization\",\"name\":\"Office des Transports Po\u00e9tik\",\"url\":\"https:\\\/\\\/officetransportspoetik.com\\\/\",\"logo\":{\"@type\":\"ImageObject\",\"inLanguage\":\"fr-FR\",\"@id\":\"https:\\\/\\\/officetransportspoetik.com\\\/#\\\/schema\\\/logo\\\/image\\\/\",\"url\":\"https:\\\/\\\/officetransportspoetik.com\\\/wp-content\\\/uploads\\\/2023\\\/01\\\/logo-Office-rouge-pour-programme-festival-2022.jpg\",\"contentUrl\":\"https:\\\/\\\/officetransportspoetik.com\\\/wp-content\\\/uploads\\\/2023\\\/01\\\/logo-Office-rouge-pour-programme-festival-2022.jpg\",\"width\":1200,\"height\":500,\"caption\":\"Office des Transports Po\u00e9tik\"},\"image\":{\"@id\":\"https:\\\/\\\/officetransportspoetik.com\\\/#\\\/schema\\\/logo\\\/image\\\/\"},\"sameAs\":[\"https:\\\/\\\/www.facebook.com\\\/officedestransportspoetik\",\"https:\\\/\\\/www.instagram.com\\\/office_des_transports_poetik\\\/\"]}]}<\/script>\n<!-- \/ Yoast SEO plugin. -->","yoast_head_json":{"title":"VICTORIEN BUISSON CAUSE DE 50 - Office des Transports Po\u00e9tik","robots":{"index":"index","follow":"follow","max-snippet":"max-snippet:-1","max-image-preview":"max-image-preview:large","max-video-preview":"max-video-preview:-1"},"canonical":"https:\/\/officetransportspoetik.com\/index.php\/victorien-buisson-cause-de-50\/","og_locale":"fr_FR","og_type":"article","og_title":"VICTORIEN BUISSON CAUSE DE 50 - Office des Transports Po\u00e9tik","og_description":"VICTORIEN CAUSE DE 50 50 \u2013 Samantha Barendson \/ Estelle Fenzy, \u00e9ditions La Boucherie litt\u00e9raire Il me semble que la po\u00e9sie \u00e0 les attraits d&rsquo;un genre litt\u00e9raire qui peut le mieux \u00e9pouser son fond dans sa forme. 50 en est une excellente d\u00e9monstration. Samantha Barendson et Estelle Fenzy rabattent le vers po\u00e9tique pour lui donner [&hellip;]","og_url":"https:\/\/officetransportspoetik.com\/index.php\/victorien-buisson-cause-de-50\/","og_site_name":"Office des Transports Po\u00e9tik","article_publisher":"https:\/\/www.facebook.com\/officedestransportspoetik","article_modified_time":"2023-09-13T12:02:14+00:00","og_image":[{"url":"https:\/\/officetransportspoetik.com\/wp-content\/uploads\/2023\/07\/50-1-212x300.webp","type":"","width":"","height":""}],"twitter_card":"summary_large_image","twitter_misc":{"Dur\u00e9e de lecture estim\u00e9e":"3 minutes"},"schema":{"@context":"https:\/\/schema.org","@graph":[{"@type":"WebPage","@id":"https:\/\/officetransportspoetik.com\/index.php\/victorien-buisson-cause-de-50\/","url":"https:\/\/officetransportspoetik.com\/index.php\/victorien-buisson-cause-de-50\/","name":"VICTORIEN BUISSON CAUSE DE 50 - Office des Transports Po\u00e9tik","isPartOf":{"@id":"https:\/\/officetransportspoetik.com\/#website"},"primaryImageOfPage":{"@id":"https:\/\/officetransportspoetik.com\/index.php\/victorien-buisson-cause-de-50\/#primaryimage"},"image":{"@id":"https:\/\/officetransportspoetik.com\/index.php\/victorien-buisson-cause-de-50\/#primaryimage"},"thumbnailUrl":"https:\/\/officetransportspoetik.com\/wp-content\/uploads\/2023\/07\/50-1-212x300.webp","datePublished":"2023-07-25T08:47:45+00:00","dateModified":"2023-09-13T12:02:14+00:00","breadcrumb":{"@id":"https:\/\/officetransportspoetik.com\/index.php\/victorien-buisson-cause-de-50\/#breadcrumb"},"inLanguage":"fr-FR","potentialAction":[{"@type":"ReadAction","target":["https:\/\/officetransportspoetik.com\/index.php\/victorien-buisson-cause-de-50\/"]}]},{"@type":"ImageObject","inLanguage":"fr-FR","@id":"https:\/\/officetransportspoetik.com\/index.php\/victorien-buisson-cause-de-50\/#primaryimage","url":"https:\/\/officetransportspoetik.com\/wp-content\/uploads\/2023\/07\/50-1-212x300.webp","contentUrl":"https:\/\/officetransportspoetik.com\/wp-content\/uploads\/2023\/07\/50-1-212x300.webp"},{"@type":"BreadcrumbList","@id":"https:\/\/officetransportspoetik.com\/index.php\/victorien-buisson-cause-de-50\/#breadcrumb","itemListElement":[{"@type":"ListItem","position":1,"name":"Accueil","item":"https:\/\/officetransportspoetik.com\/"},{"@type":"ListItem","position":2,"name":"VICTORIEN BUISSON CAUSE DE 50"}]},{"@type":"WebSite","@id":"https:\/\/officetransportspoetik.com\/#website","url":"https:\/\/officetransportspoetik.com\/","name":"Office des Transports Po\u00e9tik","description":"autour des \u00e9critures po\u00e9tiques contemporaines","publisher":{"@id":"https:\/\/officetransportspoetik.com\/#organization"},"potentialAction":[{"@type":"SearchAction","target":{"@type":"EntryPoint","urlTemplate":"https:\/\/officetransportspoetik.com\/?s={search_term_string}"},"query-input":{"@type":"PropertyValueSpecification","valueRequired":true,"valueName":"search_term_string"}}],"inLanguage":"fr-FR"},{"@type":"Organization","@id":"https:\/\/officetransportspoetik.com\/#organization","name":"Office des Transports Po\u00e9tik","url":"https:\/\/officetransportspoetik.com\/","logo":{"@type":"ImageObject","inLanguage":"fr-FR","@id":"https:\/\/officetransportspoetik.com\/#\/schema\/logo\/image\/","url":"https:\/\/officetransportspoetik.com\/wp-content\/uploads\/2023\/01\/logo-Office-rouge-pour-programme-festival-2022.jpg","contentUrl":"https:\/\/officetransportspoetik.com\/wp-content\/uploads\/2023\/01\/logo-Office-rouge-pour-programme-festival-2022.jpg","width":1200,"height":500,"caption":"Office des Transports Po\u00e9tik"},"image":{"@id":"https:\/\/officetransportspoetik.com\/#\/schema\/logo\/image\/"},"sameAs":["https:\/\/www.facebook.com\/officedestransportspoetik","https:\/\/www.instagram.com\/office_des_transports_poetik\/"]}]}},"_links":{"self":[{"href":"https:\/\/officetransportspoetik.com\/index.php\/wp-json\/wp\/v2\/pages\/3107","targetHints":{"allow":["GET"]}}],"collection":[{"href":"https:\/\/officetransportspoetik.com\/index.php\/wp-json\/wp\/v2\/pages"}],"about":[{"href":"https:\/\/officetransportspoetik.com\/index.php\/wp-json\/wp\/v2\/types\/page"}],"author":[{"embeddable":true,"href":"https:\/\/officetransportspoetik.com\/index.php\/wp-json\/wp\/v2\/users\/1"}],"replies":[{"embeddable":true,"href":"https:\/\/officetransportspoetik.com\/index.php\/wp-json\/wp\/v2\/comments?post=3107"}],"version-history":[{"count":34,"href":"https:\/\/officetransportspoetik.com\/index.php\/wp-json\/wp\/v2\/pages\/3107\/revisions"}],"predecessor-version":[{"id":3280,"href":"https:\/\/officetransportspoetik.com\/index.php\/wp-json\/wp\/v2\/pages\/3107\/revisions\/3280"}],"wp:attachment":[{"href":"https:\/\/officetransportspoetik.com\/index.php\/wp-json\/wp\/v2\/media?parent=3107"}],"curies":[{"name":"wp","href":"https:\/\/api.w.org\/{rel}","templated":true}]}}