{"id":3040,"date":"2023-07-25T09:45:40","date_gmt":"2023-07-25T07:45:40","guid":{"rendered":"https:\/\/officetransportspoetik.com\/?page_id=3040"},"modified":"2023-08-30T10:56:20","modified_gmt":"2023-08-30T08:56:20","slug":"carine-giusti-cause-de-50","status":"publish","type":"page","link":"https:\/\/officetransportspoetik.com\/index.php\/carine-giusti-cause-de-50\/","title":{"rendered":"CARINE GIUSTI CAUSE DE 50"},"content":{"rendered":"\t\t<div data-elementor-type=\"wp-page\" data-elementor-id=\"3040\" class=\"elementor elementor-3040\">\n\t\t\t\t\t\t<section class=\"elementor-section elementor-top-section elementor-element elementor-element-4c33f263 elementor-section-full_width elementor-section-height-min-height elementor-section-height-default elementor-section-items-middle\" data-id=\"4c33f263\" data-element_type=\"section\" data-e-type=\"section\" data-settings=\"{&quot;background_background&quot;:&quot;classic&quot;}\">\n\t\t\t\t\t\t\t<div class=\"elementor-background-overlay\"><\/div>\n\t\t\t\t\t\t\t<div class=\"elementor-container elementor-column-gap-default\">\n\t\t\t\t\t<div class=\"elementor-column elementor-col-100 elementor-top-column elementor-element elementor-element-7d4334e1\" data-id=\"7d4334e1\" data-element_type=\"column\" data-e-type=\"column\" data-settings=\"{&quot;background_background&quot;:&quot;classic&quot;}\">\n\t\t\t<div class=\"elementor-widget-wrap elementor-element-populated\">\n\t\t\t\t\t\t<div class=\"elementor-element elementor-element-7f1c6152 elementor-widget elementor-widget-heading\" data-id=\"7f1c6152\" data-element_type=\"widget\" data-e-type=\"widget\" data-widget_type=\"heading.default\">\n\t\t\t\t<div class=\"elementor-widget-container\">\n\t\t\t\t\t<h2 class=\"elementor-heading-title elementor-size-xl\"><br><br><br><br><br><br><br><br><br>CARINE GIUSTI CAUSE <br>DE 50 <\/h2>\t\t\t\t<\/div>\n\t\t\t\t<\/div>\n\t\t\t\t\t<\/div>\n\t\t<\/div>\n\t\t\t\t\t<\/div>\n\t\t<\/section>\n\t\t\t\t<section class=\"elementor-section elementor-top-section elementor-element elementor-element-4bb82740 elementor-section-boxed elementor-section-height-default elementor-section-height-default\" data-id=\"4bb82740\" data-element_type=\"section\" data-e-type=\"section\">\n\t\t\t\t\t\t<div class=\"elementor-container elementor-column-gap-default\">\n\t\t\t\t\t<div class=\"elementor-column elementor-col-100 elementor-top-column elementor-element elementor-element-92f36ab\" data-id=\"92f36ab\" data-element_type=\"column\" data-e-type=\"column\">\n\t\t\t<div class=\"elementor-widget-wrap elementor-element-populated\">\n\t\t\t\t\t\t<div class=\"elementor-element elementor-element-5ccc273 elementor-widget elementor-widget-text-editor\" data-id=\"5ccc273\" data-element_type=\"widget\" data-e-type=\"widget\" data-widget_type=\"text-editor.default\">\n\t\t\t\t<div class=\"elementor-widget-container\">\n\t\t\t\t\t\t\t\t\t<p><strong>50 de Samantha Barendson et Estelle Fenzy aux \u00e9ditions La Boucherie Litt\u00e9raire, 2022<\/strong><\/p>\n<p>Quand po\u00e9sie rime avec d\u00e9fraichie, quand l\u2019\u00e2ge s\u2019ins\u00e8re dans le vers. 50 ans, un demi-si\u00e8cle, deux po\u00e9tesses, une dose d\u2019humour et une cruelle r\u00e9alit\u00e9, celle du corps et de ses transformations. La r\u00e9alit\u00e9 du miroir, celle du regard de l\u2019autre, \u00ab&nbsp;tu poses tes mains sur tes joues et doucement tires en arri\u00e8re c\u2019est le temps qui remonte&nbsp;\u00bb.&nbsp; On l\u2019a toute fait, m\u00eame avant 50 ans&nbsp;! Tu marches et c\u2019est ta fille que les hommes regardent, tu marches et c\u2019est ailleurs que les hommes regardent. Le temps qui marque notre corps.<\/p>\t\t\t\t\t\t\t\t<\/div>\n\t\t\t\t<\/div>\n\t\t\t\t<div class=\"elementor-element elementor-element-a0b1ce5 elementor-widget elementor-widget-image\" data-id=\"a0b1ce5\" data-element_type=\"widget\" data-e-type=\"widget\" data-widget_type=\"image.default\">\n\t\t\t\t<div class=\"elementor-widget-container\">\n\t\t\t\t\t\t\t\t\t\t\t\t\t\t\t<img fetchpriority=\"high\" decoding=\"async\" width=\"212\" height=\"300\" src=\"https:\/\/officetransportspoetik.com\/wp-content\/uploads\/2023\/07\/50-1-212x300.webp\" class=\"attachment-medium size-medium wp-image-3043\" alt=\"\" srcset=\"https:\/\/officetransportspoetik.com\/wp-content\/uploads\/2023\/07\/50-1-212x300.webp 212w, https:\/\/officetransportspoetik.com\/wp-content\/uploads\/2023\/07\/50-1.webp 707w\" sizes=\"(max-width: 212px) 100vw, 212px\" \/>\t\t\t\t\t\t\t\t\t\t\t\t\t\t\t<\/div>\n\t\t\t\t<\/div>\n\t\t\t\t<div class=\"elementor-element elementor-element-0f53689 elementor-widget elementor-widget-text-editor\" data-id=\"0f53689\" data-element_type=\"widget\" data-e-type=\"widget\" data-widget_type=\"text-editor.default\">\n\t\t\t\t<div class=\"elementor-widget-container\">\n\t\t\t\t\t\t\t\t\t<p>Une poitrine qui tombe, des kilos qui s\u2019invitent, autre r\u00e9alit\u00e9.<\/p><p>Quand ta liste de course devient une ordonnance, quand ton agenda ressemble \u00e0 celui de ta grand-m\u00e8re, tu y es, autre r\u00e9alit\u00e9. De la pilule aux pilules, le corps devient malade.<\/p>\t\t\t\t\t\t\t\t<\/div>\n\t\t\t\t<\/div>\n\t\t\t\t<div class=\"elementor-element elementor-element-f051d5b elementor-widget elementor-widget-image\" data-id=\"f051d5b\" data-element_type=\"widget\" data-e-type=\"widget\" data-widget_type=\"image.default\">\n\t\t\t\t<div class=\"elementor-widget-container\">\n\t\t\t\t\t\t\t\t\t\t\t\t<figure class=\"wp-caption\">\n\t\t\t\t\t\t\t\t\t\t<img decoding=\"async\" width=\"222\" height=\"300\" src=\"https:\/\/officetransportspoetik.com\/wp-content\/uploads\/2023\/04\/samantha-barendson-c-vincent-moncorge-222x300.jpg\" class=\"attachment-medium size-medium wp-image-2213\" alt=\"\" srcset=\"https:\/\/officetransportspoetik.com\/wp-content\/uploads\/2023\/04\/samantha-barendson-c-vincent-moncorge-222x300.jpg 222w, https:\/\/officetransportspoetik.com\/wp-content\/uploads\/2023\/04\/samantha-barendson-c-vincent-moncorge-759x1024.jpg 759w, https:\/\/officetransportspoetik.com\/wp-content\/uploads\/2023\/04\/samantha-barendson-c-vincent-moncorge-768x1036.jpg 768w, https:\/\/officetransportspoetik.com\/wp-content\/uploads\/2023\/04\/samantha-barendson-c-vincent-moncorge-1138x1536.jpg 1138w, https:\/\/officetransportspoetik.com\/wp-content\/uploads\/2023\/04\/samantha-barendson-c-vincent-moncorge-1518x2048.jpg 1518w, https:\/\/officetransportspoetik.com\/wp-content\/uploads\/2023\/04\/samantha-barendson-c-vincent-moncorge-scaled.jpg 1897w\" sizes=\"(max-width: 222px) 100vw, 222px\" \/>\t\t\t\t\t\t\t\t\t\t\t<figcaption class=\"widget-image-caption wp-caption-text\">cr\u00e9dits photo : Vincent Moncorge<\/figcaption>\n\t\t\t\t\t\t\t\t\t\t<\/figure>\n\t\t\t\t\t\t\t\t\t<\/div>\n\t\t\t\t<\/div>\n\t\t\t\t<div class=\"elementor-element elementor-element-1b87dfb elementor-widget elementor-widget-text-editor\" data-id=\"1b87dfb\" data-element_type=\"widget\" data-e-type=\"widget\" data-widget_type=\"text-editor.default\">\n\t\t\t\t<div class=\"elementor-widget-container\">\n\t\t\t\t\t\t\t\t\t<p>Des mots en gras en entame de page pour donner le ton. Des \u00e9num\u00e9rations, comme le temps qui passe, qui file et qui rythme notre devenir. Des m\u00e9taphores \u00e9tonnantes et pourtant si justes. Toute la palette de la femme de cinquante ans en quelques vers, par un duo d\u00e9tonant de po\u00e9tesses.<\/p><p><strong>CARINE GIUSTI<\/strong><\/p>\t\t\t\t\t\t\t\t<\/div>\n\t\t\t\t<\/div>\n\t\t\t\t<div class=\"elementor-element elementor-element-9bbbc3b elementor-widget elementor-widget-image\" data-id=\"9bbbc3b\" data-element_type=\"widget\" data-e-type=\"widget\" data-widget_type=\"image.default\">\n\t\t\t\t<div class=\"elementor-widget-container\">\n\t\t\t\t\t\t\t\t\t\t\t\t<figure class=\"wp-caption\">\n\t\t\t\t\t\t\t\t\t\t<img decoding=\"async\" width=\"300\" height=\"240\" src=\"https:\/\/officetransportspoetik.com\/wp-content\/uploads\/2023\/07\/estelle-fenzy.par-Remy-Fenzy-300x240.jpg\" class=\"attachment-medium size-medium wp-image-3053\" alt=\"\" srcset=\"https:\/\/officetransportspoetik.com\/wp-content\/uploads\/2023\/07\/estelle-fenzy.par-Remy-Fenzy-300x240.jpg 300w, https:\/\/officetransportspoetik.com\/wp-content\/uploads\/2023\/07\/estelle-fenzy.par-Remy-Fenzy-1024x819.jpg 1024w, https:\/\/officetransportspoetik.com\/wp-content\/uploads\/2023\/07\/estelle-fenzy.par-Remy-Fenzy-768x614.jpg 768w, https:\/\/officetransportspoetik.com\/wp-content\/uploads\/2023\/07\/estelle-fenzy.par-Remy-Fenzy.jpg 1500w\" sizes=\"(max-width: 300px) 100vw, 300px\" \/>\t\t\t\t\t\t\t\t\t\t\t<figcaption class=\"widget-image-caption wp-caption-text\">cr\u00e9dits photos : Remy Fenzy<\/figcaption>\n\t\t\t\t\t\t\t\t\t\t<\/figure>\n\t\t\t\t\t\t\t\t\t<\/div>\n\t\t\t\t<\/div>\n\t\t\t\t\t<\/div>\n\t\t<\/div>\n\t\t\t\t\t<\/div>\n\t\t<\/section>\n\t\t\t\t<\/div>\n\t\t","protected":false},"excerpt":{"rendered":"<p>CARINE GIUSTI CAUSE DE 50 50 de Samantha Barendson et Estelle Fenzy aux \u00e9ditions La Boucherie Litt\u00e9raire, 2022 Quand po\u00e9sie rime avec d\u00e9fraichie, quand l\u2019\u00e2ge s\u2019ins\u00e8re dans le vers. 50 ans, un demi-si\u00e8cle, deux po\u00e9tesses, une dose d\u2019humour et une cruelle r\u00e9alit\u00e9, celle du corps et de ses transformations. La r\u00e9alit\u00e9 du miroir, celle du [&hellip;]<\/p>\n","protected":false},"author":1,"featured_media":0,"parent":0,"menu_order":0,"comment_status":"closed","ping_status":"closed","template":"elementor_canvas","meta":{"ocean_post_layout":"full-width","ocean_both_sidebars_style":"","ocean_both_sidebars_content_width":0,"ocean_both_sidebars_sidebars_width":0,"ocean_sidebar":"0","ocean_second_sidebar":"0","ocean_disable_margins":"enable","ocean_add_body_class":"","ocean_shortcode_before_top_bar":"","ocean_shortcode_after_top_bar":"","ocean_shortcode_before_header":"","ocean_shortcode_after_header":"","ocean_has_shortcode":"","ocean_shortcode_after_title":"","ocean_shortcode_before_footer_widgets":"","ocean_shortcode_after_footer_widgets":"","ocean_shortcode_before_footer_bottom":"","ocean_shortcode_after_footer_bottom":"","ocean_display_top_bar":"default","ocean_display_header":"default","ocean_header_style":"","ocean_center_header_left_menu":"0","ocean_custom_header_template":"0","ocean_custom_logo":0,"ocean_custom_retina_logo":0,"ocean_custom_logo_max_width":0,"ocean_custom_logo_tablet_max_width":0,"ocean_custom_logo_mobile_max_width":0,"ocean_custom_logo_max_height":0,"ocean_custom_logo_tablet_max_height":0,"ocean_custom_logo_mobile_max_height":0,"ocean_header_custom_menu":"0","ocean_menu_typo_font_family":"0","ocean_menu_typo_font_subset":"","ocean_menu_typo_font_size":0,"ocean_menu_typo_font_size_tablet":0,"ocean_menu_typo_font_size_mobile":0,"ocean_menu_typo_font_size_unit":"px","ocean_menu_typo_font_weight":"","ocean_menu_typo_font_weight_tablet":"","ocean_menu_typo_font_weight_mobile":"","ocean_menu_typo_transform":"","ocean_menu_typo_transform_tablet":"","ocean_menu_typo_transform_mobile":"","ocean_menu_typo_line_height":0,"ocean_menu_typo_line_height_tablet":0,"ocean_menu_typo_line_height_mobile":0,"ocean_menu_typo_line_height_unit":"","ocean_menu_typo_spacing":0,"ocean_menu_typo_spacing_tablet":0,"ocean_menu_typo_spacing_mobile":0,"ocean_menu_typo_spacing_unit":"","ocean_menu_link_color":"","ocean_menu_link_color_hover":"","ocean_menu_link_color_active":"","ocean_menu_link_background":"","ocean_menu_link_hover_background":"","ocean_menu_link_active_background":"","ocean_menu_social_links_bg":"","ocean_menu_social_hover_links_bg":"","ocean_menu_social_links_color":"","ocean_menu_social_hover_links_color":"","ocean_disable_title":"default","ocean_disable_heading":"default","ocean_post_title":"","ocean_post_subheading":"","ocean_post_title_style":"","ocean_post_title_background_color":"","ocean_post_title_background":0,"ocean_post_title_bg_image_position":"","ocean_post_title_bg_image_attachment":"","ocean_post_title_bg_image_repeat":"","ocean_post_title_bg_image_size":"","ocean_post_title_height":0,"ocean_post_title_bg_overlay":0.5,"ocean_post_title_bg_overlay_color":"","ocean_disable_breadcrumbs":"default","ocean_breadcrumbs_color":"","ocean_breadcrumbs_separator_color":"","ocean_breadcrumbs_links_color":"","ocean_breadcrumbs_links_hover_color":"","ocean_display_footer_widgets":"default","ocean_display_footer_bottom":"default","ocean_custom_footer_template":"0","footnotes":""},"class_list":["post-3040","page","type-page","status-publish","hentry","entry"],"yoast_head":"<!-- This site is optimized with the Yoast SEO plugin v27.4 - https:\/\/yoast.com\/product\/yoast-seo-wordpress\/ -->\n<title>CARINE GIUSTI CAUSE DE 50 - Office des Transports Po\u00e9tik<\/title>\n<meta name=\"robots\" content=\"index, follow, max-snippet:-1, max-image-preview:large, max-video-preview:-1\" \/>\n<link rel=\"canonical\" href=\"https:\/\/officetransportspoetik.com\/index.php\/carine-giusti-cause-de-50\/\" \/>\n<meta property=\"og:locale\" content=\"fr_FR\" \/>\n<meta property=\"og:type\" content=\"article\" \/>\n<meta property=\"og:title\" content=\"CARINE GIUSTI CAUSE DE 50 - Office des Transports Po\u00e9tik\" \/>\n<meta property=\"og:description\" content=\"CARINE GIUSTI CAUSE DE 50 50 de Samantha Barendson et Estelle Fenzy aux \u00e9ditions La Boucherie Litt\u00e9raire, 2022 Quand po\u00e9sie rime avec d\u00e9fraichie, quand l\u2019\u00e2ge s\u2019ins\u00e8re dans le vers. 50 ans, un demi-si\u00e8cle, deux po\u00e9tesses, une dose d\u2019humour et une cruelle r\u00e9alit\u00e9, celle du corps et de ses transformations. La r\u00e9alit\u00e9 du miroir, celle du [&hellip;]\" \/>\n<meta property=\"og:url\" content=\"https:\/\/officetransportspoetik.com\/index.php\/carine-giusti-cause-de-50\/\" \/>\n<meta property=\"og:site_name\" content=\"Office des Transports Po\u00e9tik\" \/>\n<meta property=\"article:publisher\" content=\"https:\/\/www.facebook.com\/officedestransportspoetik\" \/>\n<meta property=\"article:modified_time\" content=\"2023-08-30T08:56:20+00:00\" \/>\n<meta property=\"og:image\" content=\"https:\/\/officetransportspoetik.com\/wp-content\/uploads\/2023\/07\/50-1-212x300.webp\" \/>\n<meta name=\"twitter:card\" content=\"summary_large_image\" \/>\n<meta name=\"twitter:label1\" content=\"Dur\u00e9e de lecture estim\u00e9e\" \/>\n\t<meta name=\"twitter:data1\" content=\"2 minutes\" \/>\n<script type=\"application\/ld+json\" class=\"yoast-schema-graph\">{\"@context\":\"https:\\\/\\\/schema.org\",\"@graph\":[{\"@type\":\"WebPage\",\"@id\":\"https:\\\/\\\/officetransportspoetik.com\\\/index.php\\\/carine-giusti-cause-de-50\\\/\",\"url\":\"https:\\\/\\\/officetransportspoetik.com\\\/index.php\\\/carine-giusti-cause-de-50\\\/\",\"name\":\"CARINE GIUSTI CAUSE DE 50 - Office des Transports Po\u00e9tik\",\"isPartOf\":{\"@id\":\"https:\\\/\\\/officetransportspoetik.com\\\/#website\"},\"primaryImageOfPage\":{\"@id\":\"https:\\\/\\\/officetransportspoetik.com\\\/index.php\\\/carine-giusti-cause-de-50\\\/#primaryimage\"},\"image\":{\"@id\":\"https:\\\/\\\/officetransportspoetik.com\\\/index.php\\\/carine-giusti-cause-de-50\\\/#primaryimage\"},\"thumbnailUrl\":\"https:\\\/\\\/officetransportspoetik.com\\\/wp-content\\\/uploads\\\/2023\\\/07\\\/50-1-212x300.webp\",\"datePublished\":\"2023-07-25T07:45:40+00:00\",\"dateModified\":\"2023-08-30T08:56:20+00:00\",\"breadcrumb\":{\"@id\":\"https:\\\/\\\/officetransportspoetik.com\\\/index.php\\\/carine-giusti-cause-de-50\\\/#breadcrumb\"},\"inLanguage\":\"fr-FR\",\"potentialAction\":[{\"@type\":\"ReadAction\",\"target\":[\"https:\\\/\\\/officetransportspoetik.com\\\/index.php\\\/carine-giusti-cause-de-50\\\/\"]}]},{\"@type\":\"ImageObject\",\"inLanguage\":\"fr-FR\",\"@id\":\"https:\\\/\\\/officetransportspoetik.com\\\/index.php\\\/carine-giusti-cause-de-50\\\/#primaryimage\",\"url\":\"https:\\\/\\\/officetransportspoetik.com\\\/wp-content\\\/uploads\\\/2023\\\/07\\\/50-1-212x300.webp\",\"contentUrl\":\"https:\\\/\\\/officetransportspoetik.com\\\/wp-content\\\/uploads\\\/2023\\\/07\\\/50-1-212x300.webp\"},{\"@type\":\"BreadcrumbList\",\"@id\":\"https:\\\/\\\/officetransportspoetik.com\\\/index.php\\\/carine-giusti-cause-de-50\\\/#breadcrumb\",\"itemListElement\":[{\"@type\":\"ListItem\",\"position\":1,\"name\":\"Accueil\",\"item\":\"https:\\\/\\\/officetransportspoetik.com\\\/\"},{\"@type\":\"ListItem\",\"position\":2,\"name\":\"CARINE GIUSTI CAUSE DE 50\"}]},{\"@type\":\"WebSite\",\"@id\":\"https:\\\/\\\/officetransportspoetik.com\\\/#website\",\"url\":\"https:\\\/\\\/officetransportspoetik.com\\\/\",\"name\":\"Office des Transports Po\u00e9tik\",\"description\":\"autour des \u00e9critures po\u00e9tiques contemporaines\",\"publisher\":{\"@id\":\"https:\\\/\\\/officetransportspoetik.com\\\/#organization\"},\"potentialAction\":[{\"@type\":\"SearchAction\",\"target\":{\"@type\":\"EntryPoint\",\"urlTemplate\":\"https:\\\/\\\/officetransportspoetik.com\\\/?s={search_term_string}\"},\"query-input\":{\"@type\":\"PropertyValueSpecification\",\"valueRequired\":true,\"valueName\":\"search_term_string\"}}],\"inLanguage\":\"fr-FR\"},{\"@type\":\"Organization\",\"@id\":\"https:\\\/\\\/officetransportspoetik.com\\\/#organization\",\"name\":\"Office des Transports Po\u00e9tik\",\"url\":\"https:\\\/\\\/officetransportspoetik.com\\\/\",\"logo\":{\"@type\":\"ImageObject\",\"inLanguage\":\"fr-FR\",\"@id\":\"https:\\\/\\\/officetransportspoetik.com\\\/#\\\/schema\\\/logo\\\/image\\\/\",\"url\":\"https:\\\/\\\/officetransportspoetik.com\\\/wp-content\\\/uploads\\\/2023\\\/01\\\/logo-Office-rouge-pour-programme-festival-2022.jpg\",\"contentUrl\":\"https:\\\/\\\/officetransportspoetik.com\\\/wp-content\\\/uploads\\\/2023\\\/01\\\/logo-Office-rouge-pour-programme-festival-2022.jpg\",\"width\":1200,\"height\":500,\"caption\":\"Office des Transports Po\u00e9tik\"},\"image\":{\"@id\":\"https:\\\/\\\/officetransportspoetik.com\\\/#\\\/schema\\\/logo\\\/image\\\/\"},\"sameAs\":[\"https:\\\/\\\/www.facebook.com\\\/officedestransportspoetik\",\"https:\\\/\\\/www.instagram.com\\\/office_des_transports_poetik\\\/\"]}]}<\/script>\n<!-- \/ Yoast SEO plugin. -->","yoast_head_json":{"title":"CARINE GIUSTI CAUSE DE 50 - Office des Transports Po\u00e9tik","robots":{"index":"index","follow":"follow","max-snippet":"max-snippet:-1","max-image-preview":"max-image-preview:large","max-video-preview":"max-video-preview:-1"},"canonical":"https:\/\/officetransportspoetik.com\/index.php\/carine-giusti-cause-de-50\/","og_locale":"fr_FR","og_type":"article","og_title":"CARINE GIUSTI CAUSE DE 50 - Office des Transports Po\u00e9tik","og_description":"CARINE GIUSTI CAUSE DE 50 50 de Samantha Barendson et Estelle Fenzy aux \u00e9ditions La Boucherie Litt\u00e9raire, 2022 Quand po\u00e9sie rime avec d\u00e9fraichie, quand l\u2019\u00e2ge s\u2019ins\u00e8re dans le vers. 50 ans, un demi-si\u00e8cle, deux po\u00e9tesses, une dose d\u2019humour et une cruelle r\u00e9alit\u00e9, celle du corps et de ses transformations. La r\u00e9alit\u00e9 du miroir, celle du [&hellip;]","og_url":"https:\/\/officetransportspoetik.com\/index.php\/carine-giusti-cause-de-50\/","og_site_name":"Office des Transports Po\u00e9tik","article_publisher":"https:\/\/www.facebook.com\/officedestransportspoetik","article_modified_time":"2023-08-30T08:56:20+00:00","og_image":[{"url":"https:\/\/officetransportspoetik.com\/wp-content\/uploads\/2023\/07\/50-1-212x300.webp","type":"","width":"","height":""}],"twitter_card":"summary_large_image","twitter_misc":{"Dur\u00e9e de lecture estim\u00e9e":"2 minutes"},"schema":{"@context":"https:\/\/schema.org","@graph":[{"@type":"WebPage","@id":"https:\/\/officetransportspoetik.com\/index.php\/carine-giusti-cause-de-50\/","url":"https:\/\/officetransportspoetik.com\/index.php\/carine-giusti-cause-de-50\/","name":"CARINE GIUSTI CAUSE DE 50 - Office des Transports Po\u00e9tik","isPartOf":{"@id":"https:\/\/officetransportspoetik.com\/#website"},"primaryImageOfPage":{"@id":"https:\/\/officetransportspoetik.com\/index.php\/carine-giusti-cause-de-50\/#primaryimage"},"image":{"@id":"https:\/\/officetransportspoetik.com\/index.php\/carine-giusti-cause-de-50\/#primaryimage"},"thumbnailUrl":"https:\/\/officetransportspoetik.com\/wp-content\/uploads\/2023\/07\/50-1-212x300.webp","datePublished":"2023-07-25T07:45:40+00:00","dateModified":"2023-08-30T08:56:20+00:00","breadcrumb":{"@id":"https:\/\/officetransportspoetik.com\/index.php\/carine-giusti-cause-de-50\/#breadcrumb"},"inLanguage":"fr-FR","potentialAction":[{"@type":"ReadAction","target":["https:\/\/officetransportspoetik.com\/index.php\/carine-giusti-cause-de-50\/"]}]},{"@type":"ImageObject","inLanguage":"fr-FR","@id":"https:\/\/officetransportspoetik.com\/index.php\/carine-giusti-cause-de-50\/#primaryimage","url":"https:\/\/officetransportspoetik.com\/wp-content\/uploads\/2023\/07\/50-1-212x300.webp","contentUrl":"https:\/\/officetransportspoetik.com\/wp-content\/uploads\/2023\/07\/50-1-212x300.webp"},{"@type":"BreadcrumbList","@id":"https:\/\/officetransportspoetik.com\/index.php\/carine-giusti-cause-de-50\/#breadcrumb","itemListElement":[{"@type":"ListItem","position":1,"name":"Accueil","item":"https:\/\/officetransportspoetik.com\/"},{"@type":"ListItem","position":2,"name":"CARINE GIUSTI CAUSE DE 50"}]},{"@type":"WebSite","@id":"https:\/\/officetransportspoetik.com\/#website","url":"https:\/\/officetransportspoetik.com\/","name":"Office des Transports Po\u00e9tik","description":"autour des \u00e9critures po\u00e9tiques contemporaines","publisher":{"@id":"https:\/\/officetransportspoetik.com\/#organization"},"potentialAction":[{"@type":"SearchAction","target":{"@type":"EntryPoint","urlTemplate":"https:\/\/officetransportspoetik.com\/?s={search_term_string}"},"query-input":{"@type":"PropertyValueSpecification","valueRequired":true,"valueName":"search_term_string"}}],"inLanguage":"fr-FR"},{"@type":"Organization","@id":"https:\/\/officetransportspoetik.com\/#organization","name":"Office des Transports Po\u00e9tik","url":"https:\/\/officetransportspoetik.com\/","logo":{"@type":"ImageObject","inLanguage":"fr-FR","@id":"https:\/\/officetransportspoetik.com\/#\/schema\/logo\/image\/","url":"https:\/\/officetransportspoetik.com\/wp-content\/uploads\/2023\/01\/logo-Office-rouge-pour-programme-festival-2022.jpg","contentUrl":"https:\/\/officetransportspoetik.com\/wp-content\/uploads\/2023\/01\/logo-Office-rouge-pour-programme-festival-2022.jpg","width":1200,"height":500,"caption":"Office des Transports Po\u00e9tik"},"image":{"@id":"https:\/\/officetransportspoetik.com\/#\/schema\/logo\/image\/"},"sameAs":["https:\/\/www.facebook.com\/officedestransportspoetik","https:\/\/www.instagram.com\/office_des_transports_poetik\/"]}]}},"_links":{"self":[{"href":"https:\/\/officetransportspoetik.com\/index.php\/wp-json\/wp\/v2\/pages\/3040","targetHints":{"allow":["GET"]}}],"collection":[{"href":"https:\/\/officetransportspoetik.com\/index.php\/wp-json\/wp\/v2\/pages"}],"about":[{"href":"https:\/\/officetransportspoetik.com\/index.php\/wp-json\/wp\/v2\/types\/page"}],"author":[{"embeddable":true,"href":"https:\/\/officetransportspoetik.com\/index.php\/wp-json\/wp\/v2\/users\/1"}],"replies":[{"embeddable":true,"href":"https:\/\/officetransportspoetik.com\/index.php\/wp-json\/wp\/v2\/comments?post=3040"}],"version-history":[{"count":40,"href":"https:\/\/officetransportspoetik.com\/index.php\/wp-json\/wp\/v2\/pages\/3040\/revisions"}],"predecessor-version":[{"id":3243,"href":"https:\/\/officetransportspoetik.com\/index.php\/wp-json\/wp\/v2\/pages\/3040\/revisions\/3243"}],"wp:attachment":[{"href":"https:\/\/officetransportspoetik.com\/index.php\/wp-json\/wp\/v2\/media?parent=3040"}],"curies":[{"name":"wp","href":"https:\/\/api.w.org\/{rel}","templated":true}]}}