{"id":1175,"date":"2023-02-19T23:59:21","date_gmt":"2023-02-19T22:59:21","guid":{"rendered":"https:\/\/officetransportspoetik.com\/?page_id=1175"},"modified":"2023-03-14T12:56:52","modified_gmt":"2023-03-14T11:56:52","slug":"objectifs-de-nos-projets-eac","status":"publish","type":"page","link":"https:\/\/officetransportspoetik.com\/index.php\/objectifs-de-nos-projets-eac\/","title":{"rendered":"OBJECTIFS DE NOS PROJETS EAC"},"content":{"rendered":"\t\t<div data-elementor-type=\"wp-page\" data-elementor-id=\"1175\" class=\"elementor elementor-1175\">\n\t\t\t\t\t\t<section class=\"elementor-section elementor-top-section elementor-element elementor-element-72c9e763 elementor-section-boxed elementor-section-height-default elementor-section-height-default\" data-id=\"72c9e763\" data-element_type=\"section\" data-e-type=\"section\">\n\t\t\t\t\t\t<div class=\"elementor-container elementor-column-gap-default\">\n\t\t\t\t\t<div class=\"elementor-column elementor-col-100 elementor-top-column elementor-element elementor-element-687afad2\" data-id=\"687afad2\" data-element_type=\"column\" data-e-type=\"column\">\n\t\t\t<div class=\"elementor-widget-wrap elementor-element-populated\">\n\t\t\t\t\t\t<div class=\"elementor-element elementor-element-76548156 elementor-widget-divider--view-line elementor-widget elementor-widget-divider\" data-id=\"76548156\" data-element_type=\"widget\" data-e-type=\"widget\" data-widget_type=\"divider.default\">\n\t\t\t\t<div class=\"elementor-widget-container\">\n\t\t\t\t\t\t\t<div class=\"elementor-divider\">\n\t\t\t<span class=\"elementor-divider-separator\">\n\t\t\t\t\t\t<\/span>\n\t\t<\/div>\n\t\t\t\t\t\t<\/div>\n\t\t\t\t<\/div>\n\t\t\t\t<div class=\"elementor-element elementor-element-6de7c56c elementor-widget elementor-widget-text-editor\" data-id=\"6de7c56c\" data-element_type=\"widget\" data-e-type=\"widget\" data-widget_type=\"text-editor.default\">\n\t\t\t\t<div class=\"elementor-widget-container\">\n\t\t\t\t\t\t\t\t\t<p class=\"MsoNormal\" style=\"margin: 0cm; font-size: medium; font-family: Calibri, sans-serif; caret-color: rgb(0, 0, 0); color: rgb(0, 0, 0); font-style: normal; font-variant-caps: normal; line-height: 24px;\"><span style=\"font-size: 10.5pt; line-height: 21px; font-family: Helvetica;\">En nous appuyant sur les 3 piliers de l\u2019\u00c9ducation Artistique et Culturelle qui sont le d\u00e9veloppement des&nbsp;<\/span><span style=\"font-size: 10.5pt; line-height: 21px; font-family: Helvetica; border: 1pt none windowtext; padding: 0cm;\"><span style=\"font-variant-caps: normal; caret-color: rgb(227, 154, 90);\">connaissances des \u00e9l\u00e8ves, la pratique artistique et la fr\u00e9quentation des \u0153uvres et des artistes, nous&nbsp;<\/span><span style=\"font-variant-caps: normal; caret-color: rgb(227, 154, 90);\">nous fixons les objectifs suivants pour nos projets, en lien avec le &nbsp; domaine de la cr\u00e9ation au po\u00e9tique, qui est&nbsp;<\/span><span style=\"font-variant-caps: normal; caret-color: rgb(227, 154, 90);\">c\u0153ur de nos pr\u00e9occupations :<\/span><\/span><o:p><\/o:p><\/p>\t\t\t\t\t\t\t\t<\/div>\n\t\t\t\t<\/div>\n\t\t\t\t<div class=\"elementor-element elementor-element-59de2dca elementor-widget elementor-widget-spacer\" data-id=\"59de2dca\" data-element_type=\"widget\" data-e-type=\"widget\" data-widget_type=\"spacer.default\">\n\t\t\t\t<div class=\"elementor-widget-container\">\n\t\t\t\t\t\t\t<div class=\"elementor-spacer\">\n\t\t\t<div class=\"elementor-spacer-inner\"><\/div>\n\t\t<\/div>\n\t\t\t\t\t\t<\/div>\n\t\t\t\t<\/div>\n\t\t\t\t\t<\/div>\n\t\t<\/div>\n\t\t\t\t\t<\/div>\n\t\t<\/section>\n\t\t\t\t<section class=\"elementor-section elementor-top-section elementor-element elementor-element-a968f59 elementor-section-boxed elementor-section-height-default elementor-section-height-default\" data-id=\"a968f59\" data-element_type=\"section\" data-e-type=\"section\">\n\t\t\t\t\t\t<div class=\"elementor-container elementor-column-gap-default\">\n\t\t\t\t\t<div class=\"elementor-column elementor-col-100 elementor-top-column elementor-element elementor-element-f4345b8\" data-id=\"f4345b8\" data-element_type=\"column\" data-e-type=\"column\">\n\t\t\t<div class=\"elementor-widget-wrap elementor-element-populated\">\n\t\t\t\t\t\t<div class=\"elementor-element elementor-element-7771cd5 elementor-widget-divider--view-line elementor-widget elementor-widget-divider\" data-id=\"7771cd5\" data-element_type=\"widget\" data-e-type=\"widget\" data-widget_type=\"divider.default\">\n\t\t\t\t<div class=\"elementor-widget-container\">\n\t\t\t\t\t\t\t<div class=\"elementor-divider\">\n\t\t\t<span class=\"elementor-divider-separator\">\n\t\t\t\t\t\t<\/span>\n\t\t<\/div>\n\t\t\t\t\t\t<\/div>\n\t\t\t\t<\/div>\n\t\t\t\t<div class=\"elementor-element elementor-element-efff1ce elementor-widget elementor-widget-text-editor\" data-id=\"efff1ce\" data-element_type=\"widget\" data-e-type=\"widget\" data-widget_type=\"text-editor.default\">\n\t\t\t\t<div class=\"elementor-widget-container\">\n\t\t\t\t\t\t\t\t\t<p style=\"margin: 0cm; font-size: medium; font-family: 'Times New Roman', serif; caret-color: #000000; color: #000000; font-style: normal; font-variant-caps: normal; line-height: 18pt;\"><span style=\"border: 1pt none windowtext; padding: 0cm;\">&#8211; Favoriser la rencontre entre le monde \u00e9ducatif et l\u2019univers des \u00e9critures po\u00e9tiques contemporaines<\/span><\/p>\n<p style=\"margin: 0cm; font-size: medium; color: #000000; font-style: normal; font-variant-caps: normal; line-height: 18pt; caret-color: #000000;\"><span style=\"border: 1pt none windowtext; padding: 0cm;\"><span style=\"font-family: Times New Roman, serif;\">&#8211; Faire d\u00e9couvrir aux \u00e9l\u00e8ves la richesse et la vivacit\u00e9 de la cr\u00e9ation po\u00e9tique contemporaine et de l\u2019\u00e9dition de<\/span><span style=\"font-family: Calibri, sans-serif;\">&nbsp;<\/span><\/span><span style=\"font-family: 'Times New Roman', serif; font-size: 16px;\">po\u00e9sie<\/span><\/p>\n<p style=\"margin: 0cm; font-size: medium; font-family: 'Times New Roman', serif; color: #000000; font-style: normal; font-variant-caps: normal; line-height: 18pt; caret-color: #000000;\"><span style=\"border: 1pt none windowtext; padding: 0cm;\">&#8211; Former de nouveaux lecteurs de po\u00e9sie, actifs et curieux<\/span><\/p>\n<p style=\"margin: 0cm; font-size: medium; font-family: 'Times New Roman', serif; color: #000000; font-style: normal; font-variant-caps: normal; line-height: 18pt; caret-color: #000000;\"><span style=\"border: 1pt none windowtext; padding: 0cm;\">&#8211; Favoriser la pratique personnelle et partag\u00e9e des livres de po\u00e9sie<\/span><\/p>\n<p style=\"margin: 0cm; font-size: medium; font-family: 'Times New Roman', serif; color: #000000; font-style: normal; font-variant-caps: normal; line-height: 18pt; caret-color: #000000;\"><span style=\"border: 1pt none windowtext; padding: 0cm;\">&#8211; Proposer \u00e0 chacun de r\u00e9fl\u00e9chir sur sa propre propre cr\u00e9ativit\u00e9 langagi\u00e8re<\/span><\/p>\n<p style=\"margin: 0cm; font-size: medium; font-family: 'Times New Roman', serif; color: #000000; font-style: normal; font-variant-caps: normal; line-height: 18pt; caret-color: #000000;\"><span style=\"border: 1pt none windowtext; padding: 0cm;\">&#8211; D\u00e9sacraliser le travail de cr\u00e9ation et proposer des pistes concr\u00e8tes de travail sur la langue<\/span><\/p>\n<p style=\"margin: 0cm; font-size: medium; font-family: 'Times New Roman', serif; color: #000000; font-style: normal; font-variant-caps: normal; line-height: 18pt; caret-color: #000000;\"><span style=\"border: 1pt none windowtext; padding: 0cm;\">&#8211; Favoriser l\u2019acc\u00e8s \u00e0 la cr\u00e9ation po\u00e9tique contemporaine, \u00e0 la vie culturelle et citoyenne<\/span><\/p>\n<p style=\"margin: 0cm; font-size: medium; font-family: 'Times New Roman', serif; color: #000000; font-style: normal; font-variant-caps: normal; line-height: 18pt; caret-color: #000000;\"><span style=\"border: 1pt none windowtext; padding: 0cm;\">&#8211; D\u00e9velopper les comp\u00e9tences langagi\u00e8res \u00e0 l\u2019\u00e9crit et l\u2019oral<\/span><\/p>\n<p style=\"margin: 0cm; font-size: medium; font-family: 'Times New Roman', serif; color: #000000; font-style: normal; font-variant-caps: normal; line-height: 18pt; caret-color: #000000;\"><span style=\"border: 1pt none windowtext; padding: 0cm;\">&#8211; Favoriser l\u2019expression d\u2019un regard attentif et sensible sur soi et sur le monde<\/span><\/p>\n<p style=\"margin: 0cm; font-size: medium; font-family: 'Times New Roman', serif; color: #000000; font-style: normal; font-variant-caps: normal; line-height: 18pt; caret-color: #000000;\"><span style=\"border: 1pt none windowtext; padding: 0cm;\">&#8211; D\u00e9velopper l\u2019esprit critique et acqu\u00e9rir les outils n\u00e9cessaires \u00e0 la compr\u00e9hension des textes po\u00e9tiques<\/span><\/p>\n<p style=\"margin: 0cm; font-size: medium; font-family: 'Times New Roman', serif; color: #000000; font-style: normal; font-variant-caps: normal; line-height: 18pt; caret-color: #000000;\"><span style=\"border: 1pt none windowtext; padding: 0cm;\">&#8211; Apprendre la prise de parole en public : maitriser la voix, les gestes, les mots<\/span><\/p>\n<p style=\"margin: 0cm; font-size: medium; font-family: 'Times New Roman', serif; color: #000000; font-style: normal; font-variant-caps: normal; line-height: 18pt; caret-color: #000000;\"><span style=\"border: 1pt none windowtext; padding: 0cm;\">&#8211; Installer un espace d\u2019\u00e9change po\u00e9tique au sein des classes et des groupes<\/span><\/p>\n<p class=\"MsoNormal\" style=\"margin: 0cm; font-size: medium; font-family: Calibri, sans-serif; caret-color: #000000; color: #000000; font-style: normal; font-variant-caps: normal; text-align: start; line-height: 24px;\">\n<\/p>\t\t\t\t\t\t\t\t<\/div>\n\t\t\t\t<\/div>\n\t\t\t\t<div class=\"elementor-element elementor-element-dff8520 elementor-widget elementor-widget-spacer\" data-id=\"dff8520\" data-element_type=\"widget\" data-e-type=\"widget\" data-widget_type=\"spacer.default\">\n\t\t\t\t<div class=\"elementor-widget-container\">\n\t\t\t\t\t\t\t<div class=\"elementor-spacer\">\n\t\t\t<div class=\"elementor-spacer-inner\"><\/div>\n\t\t<\/div>\n\t\t\t\t\t\t<\/div>\n\t\t\t\t<\/div>\n\t\t\t\t\t<\/div>\n\t\t<\/div>\n\t\t\t\t\t<\/div>\n\t\t<\/section>\n\t\t\t\t<\/div>\n\t\t","protected":false},"excerpt":{"rendered":"<p>En nous appuyant sur les 3 piliers de l\u2019\u00c9ducation Artistique et Culturelle qui sont le d\u00e9veloppement des&nbsp;connaissances des \u00e9l\u00e8ves, la pratique artistique et la fr\u00e9quentation des \u0153uvres et des artistes, nous&nbsp;nous fixons les objectifs suivants pour nos projets, en lien avec le &nbsp; domaine de la cr\u00e9ation au po\u00e9tique, qui est&nbsp;c\u0153ur de nos pr\u00e9occupations : [&hellip;]<\/p>\n","protected":false},"author":1,"featured_media":0,"parent":0,"menu_order":0,"comment_status":"closed","ping_status":"closed","template":"","meta":{"ocean_post_layout":"","ocean_both_sidebars_style":"","ocean_both_sidebars_content_width":0,"ocean_both_sidebars_sidebars_width":0,"ocean_sidebar":"0","ocean_second_sidebar":"0","ocean_disable_margins":"enable","ocean_add_body_class":"","ocean_shortcode_before_top_bar":"","ocean_shortcode_after_top_bar":"","ocean_shortcode_before_header":"","ocean_shortcode_after_header":"","ocean_has_shortcode":"","ocean_shortcode_after_title":"","ocean_shortcode_before_footer_widgets":"","ocean_shortcode_after_footer_widgets":"","ocean_shortcode_before_footer_bottom":"","ocean_shortcode_after_footer_bottom":"","ocean_display_top_bar":"default","ocean_display_header":"default","ocean_header_style":"","ocean_center_header_left_menu":"0","ocean_custom_header_template":"0","ocean_custom_logo":0,"ocean_custom_retina_logo":0,"ocean_custom_logo_max_width":0,"ocean_custom_logo_tablet_max_width":0,"ocean_custom_logo_mobile_max_width":0,"ocean_custom_logo_max_height":0,"ocean_custom_logo_tablet_max_height":0,"ocean_custom_logo_mobile_max_height":0,"ocean_header_custom_menu":"0","ocean_menu_typo_font_family":"0","ocean_menu_typo_font_subset":"","ocean_menu_typo_font_size":0,"ocean_menu_typo_font_size_tablet":0,"ocean_menu_typo_font_size_mobile":0,"ocean_menu_typo_font_size_unit":"px","ocean_menu_typo_font_weight":"","ocean_menu_typo_font_weight_tablet":"","ocean_menu_typo_font_weight_mobile":"","ocean_menu_typo_transform":"","ocean_menu_typo_transform_tablet":"","ocean_menu_typo_transform_mobile":"","ocean_menu_typo_line_height":0,"ocean_menu_typo_line_height_tablet":0,"ocean_menu_typo_line_height_mobile":0,"ocean_menu_typo_line_height_unit":"","ocean_menu_typo_spacing":0,"ocean_menu_typo_spacing_tablet":0,"ocean_menu_typo_spacing_mobile":0,"ocean_menu_typo_spacing_unit":"","ocean_menu_link_color":"","ocean_menu_link_color_hover":"","ocean_menu_link_color_active":"","ocean_menu_link_background":"","ocean_menu_link_hover_background":"","ocean_menu_link_active_background":"","ocean_menu_social_links_bg":"","ocean_menu_social_hover_links_bg":"","ocean_menu_social_links_color":"","ocean_menu_social_hover_links_color":"","ocean_disable_title":"default","ocean_disable_heading":"default","ocean_post_title":"","ocean_post_subheading":"","ocean_post_title_style":"","ocean_post_title_background_color":"","ocean_post_title_background":0,"ocean_post_title_bg_image_position":"","ocean_post_title_bg_image_attachment":"","ocean_post_title_bg_image_repeat":"","ocean_post_title_bg_image_size":"","ocean_post_title_height":0,"ocean_post_title_bg_overlay":0.5,"ocean_post_title_bg_overlay_color":"","ocean_disable_breadcrumbs":"default","ocean_breadcrumbs_color":"","ocean_breadcrumbs_separator_color":"","ocean_breadcrumbs_links_color":"","ocean_breadcrumbs_links_hover_color":"","ocean_display_footer_widgets":"default","ocean_display_footer_bottom":"default","ocean_custom_footer_template":"0","footnotes":""},"class_list":["post-1175","page","type-page","status-publish","hentry","entry"],"yoast_head":"<!-- This site is optimized with the Yoast SEO plugin v27.4 - https:\/\/yoast.com\/product\/yoast-seo-wordpress\/ -->\n<title>OBJECTIFS DE NOS PROJETS EAC - Office des Transports Po\u00e9tik<\/title>\n<meta name=\"robots\" content=\"index, follow, max-snippet:-1, max-image-preview:large, max-video-preview:-1\" \/>\n<link rel=\"canonical\" href=\"https:\/\/officetransportspoetik.com\/index.php\/objectifs-de-nos-projets-eac\/\" \/>\n<meta property=\"og:locale\" content=\"fr_FR\" \/>\n<meta property=\"og:type\" content=\"article\" \/>\n<meta property=\"og:title\" content=\"OBJECTIFS DE NOS PROJETS EAC - Office des Transports Po\u00e9tik\" \/>\n<meta property=\"og:description\" content=\"En nous appuyant sur les 3 piliers de l\u2019\u00c9ducation Artistique et Culturelle qui sont le d\u00e9veloppement des&nbsp;connaissances des \u00e9l\u00e8ves, la pratique artistique et la fr\u00e9quentation des \u0153uvres et des artistes, nous&nbsp;nous fixons les objectifs suivants pour nos projets, en lien avec le &nbsp; domaine de la cr\u00e9ation au po\u00e9tique, qui est&nbsp;c\u0153ur de nos pr\u00e9occupations : [&hellip;]\" \/>\n<meta property=\"og:url\" content=\"https:\/\/officetransportspoetik.com\/index.php\/objectifs-de-nos-projets-eac\/\" \/>\n<meta property=\"og:site_name\" content=\"Office des Transports Po\u00e9tik\" \/>\n<meta property=\"article:publisher\" content=\"https:\/\/www.facebook.com\/officedestransportspoetik\" \/>\n<meta property=\"article:modified_time\" content=\"2023-03-14T11:56:52+00:00\" \/>\n<meta name=\"twitter:card\" content=\"summary_large_image\" \/>\n<meta name=\"twitter:label1\" content=\"Dur\u00e9e de lecture estim\u00e9e\" \/>\n\t<meta name=\"twitter:data1\" content=\"2 minutes\" \/>\n<script type=\"application\/ld+json\" class=\"yoast-schema-graph\">{\"@context\":\"https:\\\/\\\/schema.org\",\"@graph\":[{\"@type\":\"WebPage\",\"@id\":\"https:\\\/\\\/officetransportspoetik.com\\\/index.php\\\/objectifs-de-nos-projets-eac\\\/\",\"url\":\"https:\\\/\\\/officetransportspoetik.com\\\/index.php\\\/objectifs-de-nos-projets-eac\\\/\",\"name\":\"OBJECTIFS DE NOS PROJETS EAC - Office des Transports Po\u00e9tik\",\"isPartOf\":{\"@id\":\"https:\\\/\\\/officetransportspoetik.com\\\/#website\"},\"datePublished\":\"2023-02-19T22:59:21+00:00\",\"dateModified\":\"2023-03-14T11:56:52+00:00\",\"breadcrumb\":{\"@id\":\"https:\\\/\\\/officetransportspoetik.com\\\/index.php\\\/objectifs-de-nos-projets-eac\\\/#breadcrumb\"},\"inLanguage\":\"fr-FR\",\"potentialAction\":[{\"@type\":\"ReadAction\",\"target\":[\"https:\\\/\\\/officetransportspoetik.com\\\/index.php\\\/objectifs-de-nos-projets-eac\\\/\"]}]},{\"@type\":\"BreadcrumbList\",\"@id\":\"https:\\\/\\\/officetransportspoetik.com\\\/index.php\\\/objectifs-de-nos-projets-eac\\\/#breadcrumb\",\"itemListElement\":[{\"@type\":\"ListItem\",\"position\":1,\"name\":\"Accueil\",\"item\":\"https:\\\/\\\/officetransportspoetik.com\\\/\"},{\"@type\":\"ListItem\",\"position\":2,\"name\":\"OBJECTIFS DE NOS PROJETS EAC\"}]},{\"@type\":\"WebSite\",\"@id\":\"https:\\\/\\\/officetransportspoetik.com\\\/#website\",\"url\":\"https:\\\/\\\/officetransportspoetik.com\\\/\",\"name\":\"Office des Transports Po\u00e9tik\",\"description\":\"autour des \u00e9critures po\u00e9tiques contemporaines\",\"publisher\":{\"@id\":\"https:\\\/\\\/officetransportspoetik.com\\\/#organization\"},\"potentialAction\":[{\"@type\":\"SearchAction\",\"target\":{\"@type\":\"EntryPoint\",\"urlTemplate\":\"https:\\\/\\\/officetransportspoetik.com\\\/?s={search_term_string}\"},\"query-input\":{\"@type\":\"PropertyValueSpecification\",\"valueRequired\":true,\"valueName\":\"search_term_string\"}}],\"inLanguage\":\"fr-FR\"},{\"@type\":\"Organization\",\"@id\":\"https:\\\/\\\/officetransportspoetik.com\\\/#organization\",\"name\":\"Office des Transports Po\u00e9tik\",\"url\":\"https:\\\/\\\/officetransportspoetik.com\\\/\",\"logo\":{\"@type\":\"ImageObject\",\"inLanguage\":\"fr-FR\",\"@id\":\"https:\\\/\\\/officetransportspoetik.com\\\/#\\\/schema\\\/logo\\\/image\\\/\",\"url\":\"https:\\\/\\\/officetransportspoetik.com\\\/wp-content\\\/uploads\\\/2023\\\/01\\\/logo-Office-rouge-pour-programme-festival-2022.jpg\",\"contentUrl\":\"https:\\\/\\\/officetransportspoetik.com\\\/wp-content\\\/uploads\\\/2023\\\/01\\\/logo-Office-rouge-pour-programme-festival-2022.jpg\",\"width\":1200,\"height\":500,\"caption\":\"Office des Transports Po\u00e9tik\"},\"image\":{\"@id\":\"https:\\\/\\\/officetransportspoetik.com\\\/#\\\/schema\\\/logo\\\/image\\\/\"},\"sameAs\":[\"https:\\\/\\\/www.facebook.com\\\/officedestransportspoetik\",\"https:\\\/\\\/www.instagram.com\\\/office_des_transports_poetik\\\/\"]}]}<\/script>\n<!-- \/ Yoast SEO plugin. -->","yoast_head_json":{"title":"OBJECTIFS DE NOS PROJETS EAC - Office des Transports Po\u00e9tik","robots":{"index":"index","follow":"follow","max-snippet":"max-snippet:-1","max-image-preview":"max-image-preview:large","max-video-preview":"max-video-preview:-1"},"canonical":"https:\/\/officetransportspoetik.com\/index.php\/objectifs-de-nos-projets-eac\/","og_locale":"fr_FR","og_type":"article","og_title":"OBJECTIFS DE NOS PROJETS EAC - Office des Transports Po\u00e9tik","og_description":"En nous appuyant sur les 3 piliers de l\u2019\u00c9ducation Artistique et Culturelle qui sont le d\u00e9veloppement des&nbsp;connaissances des \u00e9l\u00e8ves, la pratique artistique et la fr\u00e9quentation des \u0153uvres et des artistes, nous&nbsp;nous fixons les objectifs suivants pour nos projets, en lien avec le &nbsp; domaine de la cr\u00e9ation au po\u00e9tique, qui est&nbsp;c\u0153ur de nos pr\u00e9occupations : [&hellip;]","og_url":"https:\/\/officetransportspoetik.com\/index.php\/objectifs-de-nos-projets-eac\/","og_site_name":"Office des Transports Po\u00e9tik","article_publisher":"https:\/\/www.facebook.com\/officedestransportspoetik","article_modified_time":"2023-03-14T11:56:52+00:00","twitter_card":"summary_large_image","twitter_misc":{"Dur\u00e9e de lecture estim\u00e9e":"2 minutes"},"schema":{"@context":"https:\/\/schema.org","@graph":[{"@type":"WebPage","@id":"https:\/\/officetransportspoetik.com\/index.php\/objectifs-de-nos-projets-eac\/","url":"https:\/\/officetransportspoetik.com\/index.php\/objectifs-de-nos-projets-eac\/","name":"OBJECTIFS DE NOS PROJETS EAC - Office des Transports Po\u00e9tik","isPartOf":{"@id":"https:\/\/officetransportspoetik.com\/#website"},"datePublished":"2023-02-19T22:59:21+00:00","dateModified":"2023-03-14T11:56:52+00:00","breadcrumb":{"@id":"https:\/\/officetransportspoetik.com\/index.php\/objectifs-de-nos-projets-eac\/#breadcrumb"},"inLanguage":"fr-FR","potentialAction":[{"@type":"ReadAction","target":["https:\/\/officetransportspoetik.com\/index.php\/objectifs-de-nos-projets-eac\/"]}]},{"@type":"BreadcrumbList","@id":"https:\/\/officetransportspoetik.com\/index.php\/objectifs-de-nos-projets-eac\/#breadcrumb","itemListElement":[{"@type":"ListItem","position":1,"name":"Accueil","item":"https:\/\/officetransportspoetik.com\/"},{"@type":"ListItem","position":2,"name":"OBJECTIFS DE NOS PROJETS EAC"}]},{"@type":"WebSite","@id":"https:\/\/officetransportspoetik.com\/#website","url":"https:\/\/officetransportspoetik.com\/","name":"Office des Transports Po\u00e9tik","description":"autour des \u00e9critures po\u00e9tiques contemporaines","publisher":{"@id":"https:\/\/officetransportspoetik.com\/#organization"},"potentialAction":[{"@type":"SearchAction","target":{"@type":"EntryPoint","urlTemplate":"https:\/\/officetransportspoetik.com\/?s={search_term_string}"},"query-input":{"@type":"PropertyValueSpecification","valueRequired":true,"valueName":"search_term_string"}}],"inLanguage":"fr-FR"},{"@type":"Organization","@id":"https:\/\/officetransportspoetik.com\/#organization","name":"Office des Transports Po\u00e9tik","url":"https:\/\/officetransportspoetik.com\/","logo":{"@type":"ImageObject","inLanguage":"fr-FR","@id":"https:\/\/officetransportspoetik.com\/#\/schema\/logo\/image\/","url":"https:\/\/officetransportspoetik.com\/wp-content\/uploads\/2023\/01\/logo-Office-rouge-pour-programme-festival-2022.jpg","contentUrl":"https:\/\/officetransportspoetik.com\/wp-content\/uploads\/2023\/01\/logo-Office-rouge-pour-programme-festival-2022.jpg","width":1200,"height":500,"caption":"Office des Transports Po\u00e9tik"},"image":{"@id":"https:\/\/officetransportspoetik.com\/#\/schema\/logo\/image\/"},"sameAs":["https:\/\/www.facebook.com\/officedestransportspoetik","https:\/\/www.instagram.com\/office_des_transports_poetik\/"]}]}},"_links":{"self":[{"href":"https:\/\/officetransportspoetik.com\/index.php\/wp-json\/wp\/v2\/pages\/1175","targetHints":{"allow":["GET"]}}],"collection":[{"href":"https:\/\/officetransportspoetik.com\/index.php\/wp-json\/wp\/v2\/pages"}],"about":[{"href":"https:\/\/officetransportspoetik.com\/index.php\/wp-json\/wp\/v2\/types\/page"}],"author":[{"embeddable":true,"href":"https:\/\/officetransportspoetik.com\/index.php\/wp-json\/wp\/v2\/users\/1"}],"replies":[{"embeddable":true,"href":"https:\/\/officetransportspoetik.com\/index.php\/wp-json\/wp\/v2\/comments?post=1175"}],"version-history":[{"count":13,"href":"https:\/\/officetransportspoetik.com\/index.php\/wp-json\/wp\/v2\/pages\/1175\/revisions"}],"predecessor-version":[{"id":1487,"href":"https:\/\/officetransportspoetik.com\/index.php\/wp-json\/wp\/v2\/pages\/1175\/revisions\/1487"}],"wp:attachment":[{"href":"https:\/\/officetransportspoetik.com\/index.php\/wp-json\/wp\/v2\/media?parent=1175"}],"curies":[{"name":"wp","href":"https:\/\/api.w.org\/{rel}","templated":true}]}}